CRAN Package Check Results for Package texPreview

Last updated on 2020-02-21 04:48:38 CET.

Flavor Version Tinstall Tcheck Ttotal Status Flags
r-devel-linux-x86_64-debian-clang 1.4.4 4.93 97.66 102.59 OK
r-devel-linux-x86_64-debian-gcc 1.4.4 3.98 66.40 70.38 OK
r-devel-linux-x86_64-fedora-clang 1.4.4 90.09 NOTE
r-devel-linux-x86_64-fedora-gcc 1.4.4 114.48 NOTE
r-devel-windows-ix86+x86_64 1.4.3 12.00 121.00 133.00 WARN
r-devel-windows-ix86+x86_64-gcc8 1.4.4 24.00 186.00 210.00 OK
r-patched-linux-x86_64 1.4.4 4.04 77.44 81.48 OK
r-patched-solaris-x86 1.4.4 139.10 ERROR
r-release-linux-x86_64 1.4.4 4.05 78.21 82.26 OK
r-release-windows-ix86+x86_64 1.4.4 12.00 124.00 136.00 OK
r-release-osx-x86_64 1.4.4 WARN
r-oldrel-windows-ix86+x86_64 1.4.4 10.00 122.00 132.00 OK
r-oldrel-osx-x86_64 1.4.4 WARN

Check Details

Version: 1.4.4
Check: dependencies in R code
Result: NOTE
    Namespace in Imports field not imported from: ‘details’
     All declared Imports should be used.
Flavors: r-devel-linux-x86_64-fedora-clang, r-devel-linux-x86_64-fedora-gcc, r-patched-solaris-x86, r-release-osx-x86_64, r-oldrel-osx-x86_64

Version: 1.4.3
Check: re-building of vignette outputs
Result: WARN
    Error(s) in re-building vignettes:
    --- re-building 'classes.Rmd' using rmarkdown
    --- finished re-building 'classes.Rmd'
    
    --- re-building 'kable.Rmd' using rmarkdown
    --- finished re-building 'kable.Rmd'
    
    --- re-building 'rmarkdown.Rmd' using rmarkdown
    --- finished re-building 'rmarkdown.Rmd'
    
    --- re-building 'slickr.Rmd' using rmarkdown
    Quitting from lines 80-86 (slickr.Rmd)
    Error: processing vignette 'slickr.Rmd' failed with diagnostics:
    SVG not standalone
    --- failed re-building 'slickr.Rmd'
    
    --- re-building 'tests_and_coverage.Rmd' using rmarkdown
    --- finished re-building 'tests_and_coverage.Rmd'
    
    --- re-building 'tex_packages.Rmd' using rmarkdown
    --- finished re-building 'tex_packages.Rmd'
    
    --- re-building 'tikz.Rmd' using rmarkdown
    --- finished re-building 'tikz.Rmd'
    
    SUMMARY: processing the following file failed:
     'slickr.Rmd'
    
    Error: Vignette re-building failed.
    Execution halted
Flavor: r-devel-windows-ix86+x86_64

Version: 1.4.4
Check: tests
Result: ERROR
     Running ‘testthat.R’ [25s/26s]
    Running the tests in ‘tests/testthat.R’ failed.
    Complete output:
     > library(testthat)
     > library(texPreview)
     > test_check("texPreview")
     ── 1. Error: (unknown) (@test-tex.R#115) ──────────────────────────────────────
     R: delegate failed `'potrace' --svg --output '%o' '%i'' @ error/delegate.c/InvokeDelegate/1958
     Backtrace:
     1. testthat::describe(...)
     2. [ base::eval(...) ] with 1 more call
     5. texPreview:::tex_preview.xtable(...)
     7. texPreview:::tex_preview.character(...)
     8. texPreview:::tex_preview.default(...)
     9. texPreview:::tex_image(obj, stem, write_flag, overwrite)
     10. magick::image_write(imgOut, tex_path(fileDir, stem, dev = imgFormat))
     11. magick:::magick_image_write(...)
    
     ══ testthat results ═══════════════════════════════════════════════════════════
     [ OK: 34 | SKIPPED: 1 | WARNINGS: 0 | FAILED: 1 ]
     1. Error: (unknown) (@test-tex.R#115)
    
     Error: testthat unit tests failed
     Execution halted
Flavor: r-patched-solaris-x86

Version: 1.4.4
Check: re-building of vignette outputs
Result: WARN
    Error(s) in re-building vignettes:
     ...
    --- re-building ‘classes.Rmd’ using rmarkdown
    Warning in engine$weave(file, quiet = quiet, encoding = enc) :
     Pandoc (>= 1.12.3) and/or pandoc-citeproc not available. Falling back to R Markdown v1.
    --- finished re-building ‘classes.Rmd’
    
    --- re-building ‘engine.Rmd’ using rmarkdown
    Warning in engine$weave(file, quiet = quiet, encoding = enc) :
     Pandoc (>= 1.12.3) and/or pandoc-citeproc not available. Falling back to R Markdown v1.
    --- finished re-building ‘engine.Rmd’
    
    --- re-building ‘kable.Rmd’ using rmarkdown
    Warning in engine$weave(file, quiet = quiet, encoding = enc) :
     Pandoc (>= 1.12.3) and/or pandoc-citeproc not available. Falling back to R Markdown v1.
    --- finished re-building ‘kable.Rmd’
    
    --- re-building ‘rmarkdown.Rmd’ using rmarkdown
    Warning in engine$weave(file, quiet = quiet, encoding = enc) :
     Pandoc (>= 1.12.3) and/or pandoc-citeproc not available. Falling back to R Markdown v1.
    --- finished re-building ‘rmarkdown.Rmd’
    
    --- re-building ‘slickr.Rmd’ using rmarkdown
    Warning in engine$weave(file, quiet = quiet, encoding = enc) :
     Pandoc (>= 1.12.3) and/or pandoc-citeproc not available. Falling back to R Markdown v1.
    Quitting from lines 80-86 (slickr.Rmd)
    Error: processing vignette 'slickr.Rmd' failed with diagnostics:
    cannot open the connection
    --- failed re-building ‘slickr.Rmd’
    
    --- re-building ‘tests_and_coverage.Rmd’ using rmarkdown
    Warning in engine$weave(file, quiet = quiet, encoding = enc) :
     Pandoc (>= 1.12.3) and/or pandoc-citeproc not available. Falling back to R Markdown v1.
    --- finished re-building ‘tests_and_coverage.Rmd’
    
    --- re-building ‘tex_packages.Rmd’ using rmarkdown
    Warning in engine$weave(file, quiet = quiet, encoding = enc) :
     Pandoc (>= 1.12.3) and/or pandoc-citeproc not available. Falling back to R Markdown v1.
    --- finished re-building ‘tex_packages.Rmd’
    
    --- re-building ‘tikz.Rmd’ using rmarkdown
    Warning in engine$weave(file, quiet = quiet, encoding = enc) :
     Pandoc (>= 1.12.3) and/or pandoc-citeproc not available. Falling back to R Markdown v1.
    --- finished re-building ‘tikz.Rmd’
    
    SUMMARY: processing the following file failed:
     ‘slickr.Rmd’
    
    Error: Vignette re-building failed.
    Execution halted
Flavor: r-patched-solaris-x86

Version: 1.4.4
Check: re-building of vignette outputs
Result: WARN
    Error(s) in re-building vignettes:
    --- re-building ‘classes.Rmd’ using rmarkdown
    Warning in engine$weave(file, quiet = quiet, encoding = enc) :
     Pandoc (>= 1.12.3) and/or pandoc-citeproc not available. Falling back to R Markdown v1.
    --- finished re-building ‘classes.Rmd’
    
    --- re-building ‘engine.Rmd’ using rmarkdown
    Warning in engine$weave(file, quiet = quiet, encoding = enc) :
     Pandoc (>= 1.12.3) and/or pandoc-citeproc not available. Falling back to R Markdown v1.
    --- finished re-building ‘engine.Rmd’
    
    --- re-building ‘kable.Rmd’ using rmarkdown
    Warning in engine$weave(file, quiet = quiet, encoding = enc) :
     Pandoc (>= 1.12.3) and/or pandoc-citeproc not available. Falling back to R Markdown v1.
    --- finished re-building ‘kable.Rmd’
    
    --- re-building ‘rmarkdown.Rmd’ using rmarkdown
    Warning in engine$weave(file, quiet = quiet, encoding = enc) :
     Pandoc (>= 1.12.3) and/or pandoc-citeproc not available. Falling back to R Markdown v1.
    --- finished re-building ‘rmarkdown.Rmd’
    
    --- re-building ‘slickr.Rmd’ using rmarkdown
    Warning in engine$weave(file, quiet = quiet, encoding = enc) :
     Pandoc (>= 1.12.3) and/or pandoc-citeproc not available. Falling back to R Markdown v1.
    Quitting from lines 80-86 (slickr.Rmd)
    Error: processing vignette 'slickr.Rmd' failed with diagnostics:
    cannot open the connection
    --- failed re-building ‘slickr.Rmd’
    
    --- re-building ‘tests_and_coverage.Rmd’ using rmarkdown
    Warning in engine$weave(file, quiet = quiet, encoding = enc) :
     Pandoc (>= 1.12.3) and/or pandoc-citeproc not available. Falling back to R Markdown v1.
    --- finished re-building ‘tests_and_coverage.Rmd’
    
    --- re-building ‘tex_packages.Rmd’ using rmarkdown
    Warning in engine$weave(file, quiet = quiet, encoding = enc) :
     Pandoc (>= 1.12.3) and/or pandoc-citeproc not available. Falling back to R Markdown v1.
    --- finished re-building ‘tex_packages.Rmd’
    
    --- re-building ‘tikz.Rmd’ using rmarkdown
    Warning in engine$weave(file, quiet = quiet, encoding = enc) :
     Pandoc (>= 1.12.3) and/or pandoc-citeproc not available. Falling back to R Markdown v1.
    --- finished re-building ‘tikz.Rmd’
    
    SUMMARY: processing the following file failed:
     ‘slickr.Rmd’
    
    Error: Vignette re-building failed.
    Execution halted
Flavor: r-release-osx-x86_64

Version: 1.4.4
Check: re-building of vignette outputs
Result: WARN
    Error in re-building vignettes:
     ...
    Warning in engine$weave(file, quiet = quiet, encoding = enc) :
     Pandoc (>= 1.12.3) and/or pandoc-citeproc not available. Falling back to R Markdown v1.
    Warning in engine$weave(file, quiet = quiet, encoding = enc) :
     Pandoc (>= 1.12.3) and/or pandoc-citeproc not available. Falling back to R Markdown v1.
    Warning in engine$weave(file, quiet = quiet, encoding = enc) :
     Pandoc (>= 1.12.3) and/or pandoc-citeproc not available. Falling back to R Markdown v1.
    Warning in engine$weave(file, quiet = quiet, encoding = enc) :
     Pandoc (>= 1.12.3) and/or pandoc-citeproc not available. Falling back to R Markdown v1.
    Warning in engine$weave(file, quiet = quiet, encoding = enc) :
     Pandoc (>= 1.12.3) and/or pandoc-citeproc not available. Falling back to R Markdown v1.
    Quitting from lines 80-86 (slickr.Rmd)
    Error: processing vignette 'slickr.Rmd' failed with diagnostics:
    cannot open the connection
    Execution halted
Flavor: r-oldrel-osx-x86_64