CRAN Package Check Results for Package texor

Last updated on 2024-02-26 03:59:24 CET.

Flavor Version Tinstall Tcheck Ttotal Status Flags
r-devel-linux-x86_64-debian-clang 1.3.0 4.90 46.67 51.57 NOTE
r-devel-linux-x86_64-debian-gcc 1.3.0 4.05 36.07 40.12 NOTE
r-devel-linux-x86_64-fedora-clang 1.3.0 65.06 OK
r-devel-linux-x86_64-fedora-gcc 1.3.0 76.40 OK
r-devel-windows-x86_64 1.3.0 6.00 63.00 69.00 OK
r-patched-linux-x86_64 1.3.0 4.48 46.44 50.92 OK
r-release-linux-x86_64 1.3.0 4.60 46.36 50.96 OK
r-release-macos-arm64 1.3.0 33.00 OK
r-release-macos-x86_64 1.3.0 69.00 OK
r-release-windows-x86_64 1.3.0 8.00 63.00 71.00 OK
r-oldrel-macos-arm64 1.3.0 27.00 OK
r-oldrel-windows-x86_64 1.3.0 7.00 66.00 73.00 OK

Check Details

Version: 1.3.0
Check: Rd files
Result: NOTE checkRd: (-1) patch_table_env.Rd:25: Lost braces 25 | \\renewcommand{\\multicolumnx}[3]{\\multicolumn{#1}{c}{#3}} | ^ checkRd: (-1) patch_table_env.Rd:25: Lost braces 25 | \\renewcommand{\\multicolumnx}[3]{\\multicolumn{#1}{c}{#3}} | ^ checkRd: (-1) patch_table_env.Rd:25: Lost braces 25 | \\renewcommand{\\multicolumnx}[3]{\\multicolumn{#1}{c}{#3}} | ^ checkRd: (-1) patch_table_env.Rd:25: Lost braces 25 | \\renewcommand{\\multicolumnx}[3]{\\multicolumn{#1}{c}{#3}} | ^ checkRd: (-1) patch_table_env.Rd:25: Lost braces 25 | \\renewcommand{\\multicolumnx}[3]{\\multicolumn{#1}{c}{#3}} | ^ Flavors: r-devel-linux-x86_64-debian-clang, r-devel-linux-x86_64-debian-gcc