CRAN Package Check Results for Package text

Last updated on 2021-02-26 21:49:17 CET.

Flavor Version Tinstall Tcheck Ttotal Status Flags
r-devel-linux-x86_64-debian-clang 0.9.10 16.04 174.04 190.08 OK
r-devel-linux-x86_64-debian-gcc 0.9.10 13.43 130.69 144.12 OK
r-devel-linux-x86_64-fedora-clang 0.9.10 256.08 NOTE
r-devel-linux-x86_64-fedora-gcc 0.9.10 223.66 NOTE
r-devel-windows-ix86+x86_64 0.9.10 29.00 163.00 192.00 OK
r-patched-linux-x86_64 0.9.10 17.39 167.38 184.77 OK
r-patched-solaris-x86 0.9.10 396.30 NOTE
r-release-linux-x86_64 0.9.10 16.16 166.94 183.10 OK
r-release-macos-x86_64 0.9.10 NOTE
r-release-windows-ix86+x86_64 0.9.10 44.00 222.00 266.00 OK
r-oldrel-macos-x86_64 0.9.10 ERROR

Check Details

Version: 0.9.10
Check: data for non-ASCII characters
Result: NOTE
     Note: found 3 marked UTF-8 strings
Flavors: r-devel-linux-x86_64-fedora-clang, r-devel-linux-x86_64-fedora-gcc, r-patched-solaris-x86, r-release-macos-x86_64

Version: 0.9.10
Check: whether package can be installed
Result: ERROR
    Installation failed.
Flavor: r-oldrel-macos-x86_64