CRAN Package Check Results for Package text2sdg

Last updated on 2022-01-20 23:52:31 CET.

Flavor Version Tinstall Tcheck Ttotal Status Flags
r-devel-linux-x86_64-debian-clang 0.1.2 OK
r-devel-linux-x86_64-debian-gcc 0.1.2 2.97 224.75 227.72 OK
r-devel-linux-x86_64-fedora-clang 0.1.2 361.10 NOTE
r-devel-linux-x86_64-fedora-gcc 0.1.2 312.10 NOTE
r-devel-windows-x86_64-new-UL 0.1.2 31.00 251.00 282.00 OK
r-devel-windows-x86_64-new-TK 0.1.2 NOTE
r-patched-linux-x86_64 0.1.2 10.14 284.23 294.37 OK
r-release-linux-x86_64 0.1.2 3.50 283.04 286.54 OK
r-release-macos-arm64 0.1.2 NOTE
r-release-macos-x86_64 0.1.2 NOTE
r-release-windows-ix86+x86_64 0.1.2 8.00 268.00 276.00 OK
r-oldrel-macos-x86_64 0.1.2 NOTE
r-oldrel-windows-ix86+x86_64 0.1.2 8.00 294.00 302.00 OK

Check Details

Version: 0.1.2
Check: data for non-ASCII characters
Result: NOTE
     Note: found 75 marked UTF-8 strings
Flavors: r-devel-linux-x86_64-fedora-clang, r-devel-linux-x86_64-fedora-gcc, r-devel-windows-x86_64-new-TK, r-release-macos-arm64, r-release-macos-x86_64, r-oldrel-macos-x86_64