Last updated on 2023-12-04 03:53:59 CET.
Flavor | Version | Tinstall | Tcheck | Ttotal | Status | Flags |
---|---|---|---|---|---|---|
r-devel-linux-x86_64-debian-clang | 1.1.1 | 10.20 | 451.16 | 461.36 | OK | |
r-devel-linux-x86_64-debian-gcc | 1.1.1 | 7.48 | 292.13 | 299.61 | OK | |
r-devel-linux-x86_64-fedora-clang | 1.1.1 | 492.69 | NOTE | |||
r-devel-linux-x86_64-fedora-gcc | 1.1.1 | 459.54 | NOTE | |||
r-devel-windows-x86_64 | 1.1.1 | 10.00 | 234.00 | 244.00 | OK | |
r-patched-linux-x86_64 | 1.1.1 | 14.92 | 373.87 | 388.79 | OK | |
r-release-linux-x86_64 | 1.1.1 | 6.20 | 368.16 | 374.36 | OK | |
r-release-macos-arm64 | 1.1.1 | 129.00 | OK | |||
r-release-macos-x86_64 | 1.1.1 | 247.00 | OK | |||
r-release-windows-x86_64 | 1.1.1 | 14.00 | 295.00 | 309.00 | OK | |
r-oldrel-macos-arm64 | 1.1.1 | 88.00 | OK | |||
r-oldrel-macos-x86_64 | 1.1.1 | 149.00 | OK | |||
r-oldrel-windows-x86_64 | 1.1.1 | 13.00 | 291.00 | 304.00 | OK |
Version: 1.1.1
Check: data for non-ASCII characters
Result: NOTE
Note: found 37 marked UTF-8 strings
Flavors: r-devel-linux-x86_64-fedora-clang, r-devel-linux-x86_64-fedora-gcc