Last updated on 2022-06-29 13:50:18 CEST.
Flavor | Version | Tinstall | Tcheck | Ttotal | Status | Flags |
---|---|---|---|---|---|---|
r-devel-linux-x86_64-debian-clang | 0.6.1 | 68.66 | 312.59 | 381.25 | OK | |
r-devel-linux-x86_64-debian-gcc | 0.6.1 | 57.39 | 254.55 | 311.94 | OK | |
r-devel-linux-x86_64-fedora-clang | 0.6.1 | 465.72 | NOTE | |||
r-devel-linux-x86_64-fedora-gcc | 0.6.1 | 452.88 | OK | |||
r-devel-windows-x86_64 | 0.6.1 | 100.00 | 385.00 | 485.00 | NOTE | |
r-patched-linux-x86_64 | 0.6.1 | 72.57 | 305.06 | 377.63 | OK | |
r-release-linux-x86_64 | 0.6.1 | 66.15 | 291.90 | 358.05 | OK | |
r-release-macos-arm64 | 0.6.1 | 140.00 | NOTE | |||
r-release-macos-x86_64 | 0.6.1 | 157.00 | NOTE | |||
r-release-windows-x86_64 | 0.6.1 | 92.00 | 394.00 | 486.00 | NOTE | |
r-oldrel-macos-arm64 | 0.6.1 | 112.00 | NOTE | |||
r-oldrel-macos-x86_64 | 0.6.1 | 169.00 | NOTE | |||
r-oldrel-windows-ix86+x86_64 | 0.6.1 | 154.00 | 562.00 | 716.00 | NOTE |
Version: 0.6.1
Check: installed package size
Result: NOTE
installed size is 10.2Mb
sub-directories of 1Mb or more:
data 2.7Mb
doc 3.6Mb
libs 3.3Mb
Flavors: r-devel-linux-x86_64-fedora-clang, r-devel-windows-x86_64, r-release-macos-arm64, r-release-macos-x86_64, r-release-windows-x86_64, r-oldrel-macos-arm64, r-oldrel-macos-x86_64, r-oldrel-windows-ix86+x86_64