CRAN Package Check Results for Package textTinyR

Last updated on 2022-11-28 21:56:19 CET.

Flavor Version Tinstall Tcheck Ttotal Status Flags
r-devel-linux-x86_64-debian-clang 1.1.7 130.91 161.54 292.45 OK
r-devel-linux-x86_64-debian-gcc 1.1.7 111.78 130.87 242.65 OK
r-devel-linux-x86_64-fedora-clang 1.1.7 411.66 OK
r-devel-linux-x86_64-fedora-gcc 1.1.7 409.65 OK
r-devel-windows-x86_64 1.1.7 134.00 208.00 342.00 OK
r-patched-linux-x86_64 1.1.7 126.57 152.77 279.34 OK
r-release-linux-x86_64 1.1.7 125.63 152.69 278.32 OK
r-release-macos-arm64 1.1.7 121.00 NOTE
r-release-macos-x86_64 1.1.7 131.00 NOTE
r-release-windows-x86_64 1.1.7 169.00 213.00 382.00 OK
r-oldrel-macos-arm64 1.1.7 104.00 NOTE
r-oldrel-macos-x86_64 1.1.7 132.00 NOTE
r-oldrel-windows-ix86+x86_64 1.1.7 289.00 244.00 533.00 NOTE

Check Details

Version: 1.1.7
Check: installed package size
Result: NOTE
     installed size is 15.2Mb
     sub-directories of 1Mb or more:
     libs 13.6Mb
Flavors: r-release-macos-arm64, r-release-macos-x86_64, r-oldrel-macos-arm64, r-oldrel-macos-x86_64, r-oldrel-windows-ix86+x86_64