CRAN Package Check Results for Package textcat

Last updated on 2020-04-09 22:50:42 CEST.

Flavor Version Tinstall Tcheck Ttotal Status Flags
r-devel-linux-x86_64-debian-clang 1.0-6 2.53 20.93 23.46 OK
r-devel-linux-x86_64-debian-gcc 1.0-6 2.24 17.16 19.40 OK
r-devel-linux-x86_64-fedora-clang 1.0-6 30.16 NOTE
r-devel-linux-x86_64-fedora-gcc 1.0-6 28.97 NOTE
r-devel-windows-ix86+x86_64 1.0-6 7.00 51.00 58.00 OK
r-devel-windows-ix86+x86_64-gcc8 1.0-6 6.00 31.00 37.00 OK
r-patched-linux-x86_64 1.0-6 2.27 21.07 23.34 OK
r-patched-osx-x86_64 1.0-6 NOTE
r-patched-solaris-x86 1.0-6 46.80 NOTE
r-release-linux-x86_64 1.0-6 2.25 19.96 22.21 OK
r-release-windows-ix86+x86_64 1.0-6 5.00 52.00 57.00 OK
r-release-osx-x86_64 1.0-6 NOTE
r-oldrel-windows-ix86+x86_64 1.0-6 5.00 37.00 42.00 OK
r-oldrel-osx-x86_64 1.0-6 NOTE

Check Details

Version: 1.0-6
Check: data for non-ASCII characters
Result: NOTE
     Note: found 10051 marked UTF-8 strings
     Note: found 10523 strings marked as "bytes"
Flavors: r-devel-linux-x86_64-fedora-clang, r-devel-linux-x86_64-fedora-gcc, r-patched-osx-x86_64, r-patched-solaris-x86, r-release-osx-x86_64, r-oldrel-osx-x86_64