Last updated on 2023-12-07 20:48:55 CET.
Flavor | Version | Tinstall | Tcheck | Ttotal | Status | Flags |
---|---|---|---|---|---|---|
r-devel-linux-x86_64-debian-clang | 1.0-8 | 2.49 | 25.48 | 27.97 | OK | |
r-devel-linux-x86_64-debian-gcc | 1.0-8 | 2.27 | 19.68 | 21.95 | OK | |
r-devel-linux-x86_64-fedora-clang | 1.0-8 | 36.60 | NOTE | |||
r-devel-linux-x86_64-fedora-gcc | 1.0-8 | 33.50 | NOTE | |||
r-devel-windows-x86_64 | 1.0-8 | 4.00 | 44.00 | 48.00 | OK | |
r-patched-linux-x86_64 | 1.0-8 | 2.61 | 25.57 | 28.18 | OK | |
r-release-linux-x86_64 | 1.0-8 | 2.05 | 24.73 | 26.78 | OK | |
r-release-macos-arm64 | 1.0-8 | 16.00 | OK | |||
r-release-macos-x86_64 | 1.0-8 | 22.00 | OK | |||
r-release-windows-x86_64 | 1.0-8 | 4.00 | 44.00 | 48.00 | OK | |
r-oldrel-macos-arm64 | 1.0-8 | 18.00 | OK | |||
r-oldrel-macos-x86_64 | 1.0-8 | 23.00 | OK | |||
r-oldrel-windows-x86_64 | 1.0-8 | 6.00 | 47.00 | 53.00 | OK |
Version: 1.0-8
Check: Rd cross-references
Result: NOTE
Undeclared package ‘NLP’ in Rd xrefs
Flavor: r-devel-linux-x86_64-fedora-clang
Version: 1.0-8
Check: data for non-ASCII characters
Result: NOTE
Note: found 10051 marked UTF-8 strings
Note: found 10523 strings marked as "bytes"
Flavors: r-devel-linux-x86_64-fedora-clang, r-devel-linux-x86_64-fedora-gcc