CRAN Package Check Results for Package textcat

Last updated on 2021-09-23 19:52:04 CEST.

Flavor Version Tinstall Tcheck Ttotal Status Flags
r-devel-linux-x86_64-debian-clang 1.0-7 2.56 24.47 27.03 OK
r-devel-linux-x86_64-debian-gcc 1.0-7 2.14 19.37 21.51 OK
r-devel-linux-x86_64-fedora-clang 1.0-7 42.39 NOTE
r-devel-linux-x86_64-fedora-gcc 1.0-7 31.66 NOTE
r-devel-windows-x86_64 1.0-7 4.00 32.00 36.00 OK
r-devel-windows-x86_64-gcc10-UCRT 1.0-7 NOTE
r-patched-linux-x86_64 1.0-7 2.34 24.19 26.53 OK
r-patched-solaris-x86 1.0-7 51.30 NOTE
r-release-linux-x86_64 1.0-7 2.52 23.83 26.35 OK
r-release-macos-arm64 1.0-7 NOTE
r-release-macos-x86_64 1.0-7 NOTE
r-release-windows-ix86+x86_64 1.0-7 6.00 30.00 36.00 OK
r-oldrel-macos-x86_64 1.0-7 NOTE
r-oldrel-windows-ix86+x86_64 1.0-7 29.00 31.00 60.00 OK

Check Details

Version: 1.0-7
Check: Rd cross-references
Result: NOTE
    Undeclared package ‘NLP’ in Rd xrefs
Flavor: r-devel-linux-x86_64-fedora-clang

Version: 1.0-7
Check: data for non-ASCII characters
Result: NOTE
     Note: found 10051 marked UTF-8 strings
     Note: found 10523 strings marked as "bytes"
Flavors: r-devel-linux-x86_64-fedora-clang, r-devel-linux-x86_64-fedora-gcc, r-devel-windows-x86_64-gcc10-UCRT, r-patched-solaris-x86, r-release-macos-arm64, r-release-macos-x86_64, r-oldrel-macos-x86_64