CRAN Package Check Results for Package texteffect

Last updated on 2024-07-13 15:49:14 CEST.

Flavor Version Tinstall Tcheck Ttotal Status Flags
r-devel-linux-x86_64-debian-clang 0.3 5.34 54.44 59.78 NOTE
r-devel-linux-x86_64-debian-gcc 0.3 4.77 41.46 46.23 NOTE
r-devel-linux-x86_64-fedora-clang 0.3 79.27 NOTE
r-devel-linux-x86_64-fedora-gcc 0.3 70.99 NOTE
r-devel-windows-x86_64 0.3 7.00 70.00 77.00 NOTE
r-patched-linux-x86_64 0.3 3.68 52.29 55.97 NOTE
r-release-linux-x86_64 0.3 5.44 51.81 57.25 NOTE
r-release-macos-arm64 0.3 25.00 NOTE
r-release-macos-x86_64 0.3 37.00 NOTE
r-release-windows-x86_64 0.3 7.00 61.00 68.00 NOTE
r-oldrel-macos-arm64 0.3 26.00 OK
r-oldrel-macos-x86_64 0.3 38.00 OK
r-oldrel-windows-x86_64 0.3 8.00 69.00 77.00 OK

Check Details

Version: 0.3
Check: Rd files
Result: NOTE checkRd: (-1) infer_Z.Rd:16: Lost braces; missing escapes or markup? 16 | \item{nu}{Informally, the probability that the row document has the column treatment. Formally, the parameter for the variatioanl approximation of z_{i,k}, which is a Bernoulli distribution.} | ^ checkRd: (-1) sibp.Rd:26: Lost braces 26 | It is recommended to use link{sibp_param_search} instead of this function to search over multiple configurations of the most important parameters. So long as only the training data is used, the analyst can freely experimient with as many parameter configurations as he likes without corrupting his causal inferences. Once a parameter configuration is chosen, the user can then use \link{sibp_amce} on the test set to estimate the average marginal component effect (AMCE) for each treatment.} | ^ checkRd: (-1) sibp.Rd:28: Lost braces; missing escapes or markup? 28 | \item{nu}{Informally, the probability that the row document has the column treatment. Formally, the parameter for the variational approximation of z_{i,k}, which is a Bernoulli distribution.} | ^ checkRd: (-1) sibp_amce.Rd:19: Lost braces 19 | \item{sibp.amce}{The table returned by code{sibp_amce}.} | ^ Flavors: r-devel-linux-x86_64-debian-clang, r-devel-linux-x86_64-debian-gcc, r-devel-linux-x86_64-fedora-clang, r-devel-linux-x86_64-fedora-gcc, r-devel-windows-x86_64, r-patched-linux-x86_64, r-release-linux-x86_64, r-release-macos-arm64, r-release-macos-x86_64, r-release-windows-x86_64