CRAN Package Check Results for Package textgRid

Last updated on 2024-04-20 02:50:13 CEST.

Flavor Version Tinstall Tcheck Ttotal Status Flags
r-devel-linux-x86_64-debian-clang 1.0.1 2.36 28.56 30.92 NOTE
r-devel-linux-x86_64-debian-gcc 1.0.1 NOTE
r-devel-linux-x86_64-fedora-clang 1.0.1 40.26 NOTE
r-devel-linux-x86_64-fedora-gcc 1.0.1 38.90 NOTE
r-prerel-macos-arm64 1.0.1 18.00 NOTE
r-prerel-windows-x86_64 1.0.1 4.00 50.00 54.00 NOTE
r-patched-linux-x86_64 1.0.1 2.50 27.02 29.52 NOTE
r-release-linux-x86_64 1.0.1 2.61 27.94 30.55 NOTE
r-release-macos-arm64 1.0.1 17.00 NOTE
r-release-macos-x86_64 1.0.1 23.00 NOTE
r-release-windows-x86_64 1.0.1 3.00 50.00 53.00 NOTE
r-oldrel-macos-arm64 1.0.1 21.00 NOTE
r-oldrel-windows-x86_64 1.0.1 4.00 53.00 57.00 NOTE

Check Details

Version: 1.0.1
Check: LazyData
Result: NOTE 'LazyData' is specified without a 'data' directory Flavors: r-devel-linux-x86_64-debian-clang, r-devel-linux-x86_64-debian-gcc, r-devel-linux-x86_64-fedora-clang, r-devel-linux-x86_64-fedora-gcc, r-prerel-macos-arm64, r-prerel-windows-x86_64, r-patched-linux-x86_64, r-release-linux-x86_64, r-release-macos-arm64, r-release-macos-x86_64, r-release-windows-x86_64, r-oldrel-macos-arm64, r-oldrel-windows-x86_64