Last updated on 2021-04-22 12:54:14 CEST.
Flavor | Version | Tinstall | Tcheck | Ttotal | Status | Flags |
---|---|---|---|---|---|---|
r-devel-linux-x86_64-debian-clang | 3.0.4 | 111.00 | 112.02 | 223.02 | OK | --no-vignettes |
r-devel-linux-x86_64-debian-gcc | 3.0.4 | 72.30 | 82.88 | 155.18 | OK | --no-vignettes |
r-devel-linux-x86_64-fedora-clang | 3.0.4 | 586.47 | NOTE | |||
r-devel-linux-x86_64-fedora-gcc | 3.0.4 | 580.87 | OK | |||
r-devel-windows-ix86+x86_64 | 3.0.4 | 256.00 | 649.00 | 905.00 | OK | |
r-devel-windows-x86_64-gcc10-UCRT | 3.0.4 | OK | ||||
r-patched-linux-x86_64 | 3.0.4 | 85.10 | 103.29 | 188.39 | WARN | --no-vignettes |
r-patched-solaris-x86 | 3.0.4 | 680.20 | OK | |||
r-release-linux-x86_64 | 3.0.4 | 88.19 | 102.43 | 190.62 | OK | --no-vignettes |
r-release-macos-x86_64 | 3.0.4 | NOTE | ||||
r-release-windows-ix86+x86_64 | 3.0.4 | 253.00 | 645.00 | 898.00 | OK | |
r-oldrel-macos-x86_64 | 3.0.4 | NOTE | ||||
r-oldrel-windows-ix86+x86_64 | 3.0.4 | 205.00 | 634.00 | 839.00 | OK |
Version: 3.0.4
Check: installed package size
Result: NOTE
installed size is 5.1Mb
sub-directories of 1Mb or more:
libs 3.3Mb
Flavors: r-devel-linux-x86_64-fedora-clang, r-release-macos-x86_64, r-oldrel-macos-x86_64
Version: 3.0.4
Check: Rd cross-references
Result: NOTE
Undeclared package ‘tm’ in Rd xrefs
Flavor: r-devel-linux-x86_64-fedora-clang
Version: 3.0.4
Flags: --no-vignettes
Check: whether package can be installed
Result: WARN
Found the following significant warnings:
Rd warning: /tmp/RtmplhdYKY/R.INSTALL3b3151b442fc/textmineR/man/FitCtmModel.Rd:32: file link ‘CTM’ in package ‘topicmodels’ does not exist and so has been treated as a topic
Rd warning: /tmp/RtmplhdYKY/R.INSTALL3b3151b442fc/textmineR/man/FitCtmModel.Rd:24: file link ‘CTM’ in package ‘topicmodels’ does not exist and so has been treated as a topic
Rd warning: /tmp/RtmplhdYKY/R.INSTALL3b3151b442fc/textmineR/man/TmParallelApply.Rd:36: file link ‘parLapply’ in package ‘parallel’ does not exist and so has been treated as a topic
Flavor: r-patched-linux-x86_64