CRAN Package Check Results for Package textmineR

Last updated on 2022-07-05 23:55:54 CEST.

Flavor Version Tinstall Tcheck Ttotal Status Flags
r-devel-linux-x86_64-debian-clang 3.0.5 109.06 394.32 503.38 OK
r-devel-linux-x86_64-debian-gcc 3.0.5 88.90 285.95 374.85 OK
r-devel-linux-x86_64-fedora-clang 3.0.5 649.47 WARN
r-devel-linux-x86_64-fedora-gcc 3.0.5 639.31 WARN
r-devel-windows-x86_64 3.0.5 260.00 534.00 794.00 OK
r-patched-linux-x86_64 3.0.5 100.62 387.12 487.74 OK
r-release-linux-x86_64 3.0.5 99.95 386.38 486.33 OK
r-release-macos-arm64 3.0.5 180.00 NOTE
r-release-macos-x86_64 3.0.5 221.00 NOTE
r-release-windows-x86_64 3.0.5 117.00 562.00 679.00 OK
r-oldrel-macos-arm64 3.0.5 216.00 NOTE
r-oldrel-macos-x86_64 3.0.5 213.00 NOTE
r-oldrel-windows-ix86+x86_64 3.0.5 262.00 672.00 934.00 OK

Check Details

Version: 3.0.5
Check: package dependencies
Result: WARN
    Requires orphaned package: ‘gtools’
Flavors: r-devel-linux-x86_64-fedora-clang, r-devel-linux-x86_64-fedora-gcc

Version: 3.0.5
Check: Rd cross-references
Result: NOTE
    Undeclared package ‘tm’ in Rd xrefs
Flavor: r-devel-linux-x86_64-fedora-clang

Version: 3.0.5
Check: installed package size
Result: NOTE
     installed size is 5.4Mb
     sub-directories of 1Mb or more:
     libs 3.5Mb
Flavors: r-release-macos-arm64, r-release-macos-x86_64, r-oldrel-macos-arm64, r-oldrel-macos-x86_64