CRAN Package Check Results for Package textmineR

Last updated on 2021-01-17 13:49:03 CET.

Flavor Version Tinstall Tcheck Ttotal Status Flags
r-devel-linux-x86_64-debian-clang 3.0.4 120.16 114.46 234.62 OK --no-vignettes
r-devel-linux-x86_64-debian-gcc 3.0.4 72.81 87.39 160.20 OK --no-vignettes
r-devel-linux-x86_64-fedora-clang 3.0.4 630.47 NOTE
r-devel-linux-x86_64-fedora-gcc 3.0.4 604.31 OK
r-devel-windows-ix86+x86_64 3.0.4 187.00 599.00 786.00 OK
r-patched-linux-x86_64 3.0.4 85.60 107.35 192.95 OK --no-vignettes
r-patched-solaris-x86 3.0.4 691.50 OK
r-release-linux-x86_64 3.0.4 88.60 104.85 193.45 OK --no-vignettes
r-release-macos-x86_64 3.0.4 NOTE
r-release-windows-ix86+x86_64 3.0.4 208.00 578.00 786.00 OK
r-oldrel-macos-x86_64 3.0.4 NOTE
r-oldrel-windows-ix86+x86_64 3.0.4 230.00 660.00 890.00 OK

Check Details

Version: 3.0.4
Check: installed package size
Result: NOTE
     installed size is 5.7Mb
     sub-directories of 1Mb or more:
     libs 3.9Mb
Flavors: r-devel-linux-x86_64-fedora-clang, r-release-macos-x86_64, r-oldrel-macos-x86_64

Version: 3.0.4
Check: Rd cross-references
Result: NOTE
    Undeclared package ‘tm’ in Rd xrefs
Flavor: r-devel-linux-x86_64-fedora-clang