CRAN Package Check Results for Package textmineR

Last updated on 2020-09-24 13:50:22 CEST.

Flavor Version Tinstall Tcheck Ttotal Status Flags
r-devel-linux-x86_64-debian-clang 3.0.4 111.80 113.80 225.60 OK --no-vignettes
r-devel-linux-x86_64-debian-gcc 3.0.4 81.37 87.08 168.45 OK --no-vignettes
r-devel-linux-x86_64-fedora-clang 3.0.4 604.42 NOTE
r-devel-linux-x86_64-fedora-gcc 3.0.4 592.34 OK
r-devel-windows-ix86+x86_64 3.0.4 254.00 665.00 919.00 OK
r-patched-linux-x86_64 3.0.4 80.17 104.04 184.21 OK --no-vignettes
r-patched-solaris-x86 3.0.4 676.70 OK
r-release-linux-x86_64 3.0.4 87.62 105.45 193.07 OK --no-vignettes
r-release-macos-x86_64 3.0.4 NOTE
r-release-windows-ix86+x86_64 3.0.4 255.00 664.00 919.00 OK
r-oldrel-macos-x86_64 3.0.4 NOTE
r-oldrel-windows-ix86+x86_64 3.0.4 170.00 663.00 833.00 OK

Check Details

Version: 3.0.4
Check: installed package size
Result: NOTE
     installed size is 5.9Mb
     sub-directories of 1Mb or more:
     libs 4.1Mb
Flavors: r-devel-linux-x86_64-fedora-clang, r-release-macos-x86_64, r-oldrel-macos-x86_64

Version: 3.0.4
Check: Rd cross-references
Result: NOTE
    Undeclared package ‘tm’ in Rd xrefs
Flavor: r-devel-linux-x86_64-fedora-clang