CRAN Package Check Results for Package textmineR

Last updated on 2020-03-30 15:49:31 CEST.

Flavor Version Tinstall Tcheck Ttotal Status Flags
r-devel-linux-x86_64-debian-clang 3.0.4 104.72 107.45 212.17 OK --no-vignettes
r-devel-linux-x86_64-debian-gcc 3.0.4 68.94 80.92 149.86 OK --no-vignettes
r-devel-linux-x86_64-fedora-clang 3.0.4 613.87 NOTE
r-devel-linux-x86_64-fedora-gcc 3.0.4 565.02 OK
r-devel-windows-ix86+x86_64 3.0.4 189.00 530.00 719.00 OK
r-devel-windows-ix86+x86_64-gcc8 3.0.4 201.00 562.00 763.00 OK
r-patched-linux-x86_64 3.0.4 85.07 100.88 185.95 OK --no-vignettes
r-patched-solaris-x86 3.0.4 717.00 OK
r-release-linux-x86_64 3.0.4 81.39 95.84 177.23 OK --no-vignettes
r-release-windows-ix86+x86_64 3.0.4 270.00 725.00 995.00 OK
r-release-osx-x86_64 3.0.4 NOTE
r-oldrel-windows-ix86+x86_64 3.0.4 244.00 679.00 923.00 OK
r-oldrel-osx-x86_64 3.0.4 OK

Check Details

Version: 3.0.4
Check: installed package size
Result: NOTE
     installed size is 5.9Mb
     sub-directories of 1Mb or more:
     libs 4.1Mb
Flavors: r-devel-linux-x86_64-fedora-clang, r-release-osx-x86_64