CRAN Package Check Results for Package textometry

Last updated on 2024-04-16 05:14:47 CEST.

Flavor Version Tinstall Tcheck Ttotal Status Flags
r-devel-linux-x86_64-debian-clang 0.1.6 1.86 26.91 28.77 NOTE
r-devel-linux-x86_64-debian-gcc 0.1.6 1.63 21.09 22.72 NOTE
r-devel-linux-x86_64-fedora-clang 0.1.6 37.61 NOTE
r-devel-linux-x86_64-fedora-gcc 0.1.6 36.80 NOTE
r-prerel-macos-arm64 0.1.6 16.00 NOTE
r-prerel-windows-x86_64 0.1.6 3.00 42.00 45.00 NOTE
r-patched-linux-x86_64 0.1.6 2.64 26.39 29.03 NOTE
r-release-linux-x86_64 0.1.6 1.90 26.18 28.08 NOTE
r-release-macos-arm64 0.1.6 17.00 NOTE
r-release-macos-x86_64 0.1.6 22.00 NOTE
r-release-windows-x86_64 0.1.6 4.00 42.00 46.00 NOTE
r-oldrel-macos-arm64 0.1.6 16.00 OK
r-oldrel-windows-x86_64 0.1.6 12.00 47.00 59.00 OK

Check Details

Version: 0.1.6
Check: package subdirectories
Result: NOTE Problems with news in ‘NEWS.md’: No news entries found. Flavors: r-devel-linux-x86_64-debian-clang, r-devel-linux-x86_64-debian-gcc, r-devel-linux-x86_64-fedora-clang, r-devel-linux-x86_64-fedora-gcc, r-prerel-macos-arm64, r-prerel-windows-x86_64, r-patched-linux-x86_64, r-release-linux-x86_64, r-release-macos-arm64, r-release-macos-x86_64, r-release-windows-x86_64