CRAN Package Check Results for Package textshape

Last updated on 2023-12-10 12:51:11 CET.

Flavor Version Tinstall Tcheck Ttotal Status Flags
r-devel-linux-x86_64-debian-clang 1.7.3 5.00 47.95 52.95 NOTE
r-devel-linux-x86_64-debian-gcc 1.7.3 2.72 35.73 38.45 NOTE
r-devel-linux-x86_64-fedora-clang 1.7.3 65.58 NOTE
r-devel-linux-x86_64-fedora-gcc 1.7.3 61.10 NOTE
r-devel-windows-x86_64 1.7.3 5.00 64.00 69.00 NOTE
r-patched-linux-x86_64 1.7.3 5.34 45.37 50.71 NOTE
r-release-linux-x86_64 1.7.3 4.26 44.67 48.93 NOTE
r-release-macos-arm64 1.7.3 27.00 NOTE
r-release-macos-x86_64 1.7.3 35.00 NOTE
r-release-windows-x86_64 1.7.3 8.00 67.00 75.00 NOTE
r-oldrel-macos-arm64 1.7.3 24.00 OK
r-oldrel-macos-x86_64 1.7.3 37.00 NOTE
r-oldrel-windows-x86_64 1.7.3 6.00 70.00 76.00 NOTE

Check Details

Version: 1.7.3
Check: Rd cross-references
Result: NOTE Unknown package ‘textreadr’ in Rd xrefs Flavors: r-devel-linux-x86_64-debian-clang, r-devel-linux-x86_64-debian-gcc, r-devel-linux-x86_64-fedora-gcc, r-devel-windows-x86_64, r-patched-linux-x86_64, r-release-linux-x86_64, r-release-macos-arm64, r-release-macos-x86_64, r-release-windows-x86_64, r-oldrel-windows-x86_64

Version: 1.7.3
Check: Rd cross-references
Result: NOTE Undeclared packages ‘tm’, ‘textreadr’ in Rd xrefs Unknown package ‘textreadr’ in Rd xrefs Flavor: r-devel-linux-x86_64-fedora-clang

Version: 1.7.3
Check: Rd cross-references
Result: NOTE Package unavailable to check Rd xrefs: ‘textreadr’ Flavor: r-oldrel-macos-x86_64