CRAN Package Check Results for Package tfarima

Last updated on 2021-04-11 22:47:27 CEST.

Flavor Version Tinstall Tcheck Ttotal Status Flags
r-devel-linux-x86_64-debian-clang 0.1.1 229.67 61.90 291.57 OK
r-devel-linux-x86_64-debian-gcc 0.1.1 139.15 46.62 185.77 OK
r-devel-linux-x86_64-fedora-clang 0.1.1 397.09 NOTE
r-devel-linux-x86_64-fedora-gcc 0.1.1 344.83 OK
r-devel-windows-ix86+x86_64 0.1.1 500.00 117.00 617.00 OK
r-devel-windows-x86_64-gcc10-UCRT 0.1.1 OK
r-patched-linux-x86_64 0.1.1 162.05 57.14 219.19 OK
r-patched-solaris-x86 0.1.1 324.30 OK
r-release-linux-x86_64 0.1.1 166.75 56.04 222.79 OK
r-release-macos-x86_64 0.1.1 NOTE
r-release-windows-ix86+x86_64 0.1.1 356.00 110.00 466.00 OK
r-oldrel-macos-x86_64 0.1.1 NOTE
r-oldrel-windows-ix86+x86_64 0.1.1 437.00 77.00 514.00 OK

Check Details

Version: 0.1.1
Check: installed package size
Result: NOTE
     installed size is 8.1Mb
     sub-directories of 1Mb or more:
     libs 7.3Mb
Flavors: r-devel-linux-x86_64-fedora-clang, r-release-macos-x86_64, r-oldrel-macos-x86_64