CRAN Package Check Results for Package tfdeploy

Last updated on 2023-01-30 11:53:03 CET.

Flavor Version Tinstall Tcheck Ttotal Status Flags
r-devel-linux-x86_64-debian-clang 0.6.1 9.59 88.23 97.82 NOTE
r-devel-linux-x86_64-debian-gcc 0.6.1 8.10 65.83 73.93 NOTE
r-devel-linux-x86_64-fedora-clang 0.6.1 122.29 NOTE
r-devel-linux-x86_64-fedora-gcc 0.6.1 135.46 NOTE
r-devel-windows-x86_64 0.6.1 93.00 147.00 240.00 NOTE
r-patched-linux-x86_64 0.6.1 10.24 84.16 94.40 NOTE
r-release-linux-x86_64 0.6.1 9.53 84.67 94.20 NOTE
r-release-macos-arm64 0.6.1 32.00 NOTE
r-release-macos-x86_64 0.6.1 52.00 NOTE
r-release-windows-x86_64 0.6.1 48.00 138.00 186.00 NOTE
r-oldrel-macos-arm64 0.6.1 38.00 NOTE
r-oldrel-macos-x86_64 0.6.1 62.00 NOTE
r-oldrel-windows-ix86+x86_64 0.6.1 21.00 110.00 131.00 NOTE

Check Details

Version: 0.6.1
Check: LazyData
Result: NOTE
     'LazyData' is specified without a 'data' directory
Flavors: r-devel-linux-x86_64-debian-clang, r-devel-linux-x86_64-debian-gcc, r-devel-linux-x86_64-fedora-clang, r-devel-linux-x86_64-fedora-gcc, r-devel-windows-x86_64, r-patched-linux-x86_64, r-release-linux-x86_64, r-release-macos-arm64, r-release-macos-x86_64, r-release-windows-x86_64, r-oldrel-macos-arm64, r-oldrel-macos-x86_64, r-oldrel-windows-ix86+x86_64