CRAN Package Check Results for Package tfhub

Last updated on 2020-04-10 04:49:01 CEST.

Flavor Version Tinstall Tcheck Ttotal Status Flags
r-devel-linux-x86_64-debian-clang 0.7.0 7.12 70.89 78.01 OK
r-devel-linux-x86_64-debian-gcc 0.7.0 5.91 55.58 61.49 OK
r-devel-linux-x86_64-fedora-clang 0.7.0 98.73 OK
r-devel-linux-x86_64-fedora-gcc 0.7.0 94.46 OK
r-devel-windows-ix86+x86_64 0.7.0 17.00 92.00 109.00 OK
r-devel-windows-ix86+x86_64-gcc8 0.7.0 13.00 57.00 70.00 OK
r-patched-linux-x86_64 0.7.0 7.16 69.28 76.44 OK
r-patched-osx-x86_64 0.7.0 WARN
r-patched-solaris-x86 0.7.0 142.80 OK
r-release-linux-x86_64 0.7.0 6.37 63.41 69.78 OK
r-release-windows-ix86+x86_64 0.7.0 6.00 119.00 125.00 OK
r-release-osx-x86_64 0.7.0 OK
r-oldrel-windows-ix86+x86_64 0.7.0 12.00 107.00 119.00 OK
r-oldrel-osx-x86_64 0.7.0 OK

Check Details

Version: 0.7.0
Check: re-building of vignette outputs
Result: WARN
    Error(s) in re-building vignettes:
    --- re-building ‘hub-with-keras.Rmd’ using rmarkdown
    dyld: lazy symbol binding failed: Symbol not found: ____chkstk_darwin
     Referenced from: /usr/local/bin/pandoc (which was built for Mac OS X 10.15)
     Expected in: /usr/lib/libSystem.B.dylib
    
    dyld: Symbol not found: ____chkstk_darwin
     Referenced from: /usr/local/bin/pandoc (which was built for Mac OS X 10.15)
     Expected in: /usr/lib/libSystem.B.dylib
    
    Error: processing vignette 'hub-with-keras.Rmd' failed with diagnostics:
    pandoc document conversion failed with error 6
    --- failed re-building ‘hub-with-keras.Rmd’
    
    --- re-building ‘intro.Rmd’ using rmarkdown
    dyld: lazy symbol binding failed: Symbol not found: ____chkstk_darwin
     Referenced from: /usr/local/bin/pandoc (which was built for Mac OS X 10.15)
     Expected in: /usr/lib/libSystem.B.dylib
    
    dyld: Symbol not found: ____chkstk_darwin
     Referenced from: /usr/local/bin/pandoc (which was built for Mac OS X 10.15)
     Expected in: /usr/lib/libSystem.B.dylib
    
    Error: processing vignette 'intro.Rmd' failed with diagnostics:
    pandoc document conversion failed with error 6
    --- failed re-building ‘intro.Rmd’
    
    --- re-building ‘key-concepts.Rmd’ using rmarkdown
    dyld: lazy symbol binding failed: Symbol not found: ____chkstk_darwin
     Referenced from: /usr/local/bin/pandoc (which was built for Mac OS X 10.15)
     Expected in: /usr/lib/libSystem.B.dylib
    
    dyld: Symbol not found: ____chkstk_darwin
     Referenced from: /usr/local/bin/pandoc (which was built for Mac OS X 10.15)
     Expected in: /usr/lib/libSystem.B.dylib
    
    Error: processing vignette 'key-concepts.Rmd' failed with diagnostics:
    pandoc document conversion failed with error 6
    --- failed re-building ‘key-concepts.Rmd’
    
    SUMMARY: processing the following files failed:
     ‘hub-with-keras.Rmd’ ‘intro.Rmd’ ‘key-concepts.Rmd’
    
    Error: Vignette re-building failed.
    Execution halted
Flavor: r-patched-osx-x86_64