CRAN Package Check Results for Package tfprobability

Last updated on 2021-04-13 17:47:59 CEST.

Flavor Version Tinstall Tcheck Ttotal Status Flags
r-devel-linux-x86_64-debian-clang 0.11.0.0 17.78 149.44 167.22 NOTE
r-devel-linux-x86_64-debian-gcc 0.11.0.0 14.54 115.93 130.47 NOTE
r-devel-linux-x86_64-fedora-clang 0.11.0.0 208.03 NOTE
r-devel-linux-x86_64-fedora-gcc 0.11.0.0 199.95 NOTE
r-devel-windows-ix86+x86_64 0.11.0.0 32.00 224.00 256.00 NOTE
r-devel-windows-x86_64-gcc10-UCRT 0.11.0.0 NOTE
r-patched-linux-x86_64 0.11.0.0 16.44 143.97 160.41 OK
r-patched-solaris-x86 0.11.0.0 274.00 OK
r-release-linux-x86_64 0.11.0.0 15.69 144.49 160.18 OK
r-release-macos-x86_64 0.11.0.0 OK
r-release-windows-ix86+x86_64 0.11.0.0 26.00 227.00 253.00 OK
r-oldrel-macos-x86_64 0.11.0.0 OK
r-oldrel-windows-ix86+x86_64 0.11.0.0 19.00 168.00 187.00 OK

Check Details

Version: 0.11.0.0
Check: LazyData
Result: NOTE
     'LazyData' is specified without a 'data' directory
Flavors: r-devel-linux-x86_64-debian-clang, r-devel-linux-x86_64-debian-gcc, r-devel-linux-x86_64-fedora-clang, r-devel-linux-x86_64-fedora-gcc, r-devel-windows-ix86+x86_64, r-devel-windows-x86_64-gcc10-UCRT