CRAN Package Check Results for Package tfprobability

Last updated on 2024-04-22 10:56:40 CEST.

Flavor Version Tinstall Tcheck Ttotal Status Flags
r-devel-linux-x86_64-debian-clang 0.15.1 16.56 233.88 250.44 NOTE
r-devel-linux-x86_64-debian-gcc 0.15.1 13.77 167.97 181.74 NOTE
r-devel-linux-x86_64-fedora-clang 0.15.1 219.72 NOTE
r-devel-linux-x86_64-fedora-gcc 0.15.1 234.23 NOTE
r-prerel-macos-arm64 0.15.1 81.00 NOTE
r-prerel-windows-x86_64 0.15.1 19.00 273.00 292.00 NOTE
r-patched-linux-x86_64 0.15.1 55.94 221.28 277.22 NOTE
r-release-linux-x86_64 0.15.1 15.70 218.38 234.08 OK
r-release-macos-arm64 0.15.1 91.00 OK
r-release-macos-x86_64 0.15.1 148.00 OK
r-release-windows-x86_64 0.15.1 24.00 334.00 358.00 OK
r-oldrel-macos-arm64 0.15.1 63.00 OK
r-oldrel-windows-x86_64 0.15.1 25.00 231.00 256.00 OK

Additional issues

donttest

Check Details

Version: 0.15.1
Check: Rd files
Result: NOTE checkRd: (-1) tfd_von_mises_fisher.Rd:63: Lost braces; missing escapes or markup? 63 | NOTE: Currently only n in {2, 3, 4, 5} are supported. For n=5 some numerical | ^ Flavors: r-devel-linux-x86_64-debian-clang, r-devel-linux-x86_64-debian-gcc, r-devel-linux-x86_64-fedora-clang, r-devel-linux-x86_64-fedora-gcc, r-prerel-macos-arm64, r-prerel-windows-x86_64, r-patched-linux-x86_64