CRAN Package Check Results for Package tggd

Last updated on 2024-02-22 14:48:31 CET.

Flavor Version Tinstall Tcheck Ttotal Status Flags
r-devel-linux-x86_64-debian-clang 0.1.1 NOTE
r-devel-linux-x86_64-debian-gcc 0.1.1 1.71 18.86 20.57 NOTE
r-devel-linux-x86_64-fedora-clang 0.1.1 33.33 NOTE
r-devel-linux-x86_64-fedora-gcc 0.1.1 31.95 NOTE
r-devel-windows-x86_64 0.1.1 4.00 47.00 51.00 NOTE
r-patched-linux-x86_64 0.1.1 4.01 24.16 28.17 NOTE
r-release-linux-x86_64 0.1.1 2.04 23.97 26.01 NOTE
r-release-macos-arm64 0.1.1 17.00 NOTE
r-release-macos-x86_64 0.1.1 23.00 NOTE
r-release-windows-x86_64 0.1.1 3.00 47.00 50.00 NOTE
r-oldrel-macos-arm64 0.1.1 18.00 NOTE
r-oldrel-windows-x86_64 0.1.1 8.00 57.00 65.00 NOTE

Check Details

Version: 0.1.1
Check: LazyData
Result: NOTE 'LazyData' is specified without a 'data' directory Flavors: r-devel-linux-x86_64-debian-clang, r-devel-linux-x86_64-debian-gcc, r-devel-linux-x86_64-fedora-clang, r-devel-linux-x86_64-fedora-gcc, r-devel-windows-x86_64, r-patched-linux-x86_64, r-release-linux-x86_64, r-release-macos-arm64, r-release-macos-x86_64, r-release-windows-x86_64, r-oldrel-macos-arm64, r-oldrel-windows-x86_64