CRAN Package Check Results for Package thankr

Last updated on 2021-10-28 11:51:44 CEST.

Flavor Version Tinstall Tcheck Ttotal Status Flags
r-devel-linux-x86_64-debian-clang 1.0.0 1.78 21.29 23.07 NOTE
r-devel-linux-x86_64-debian-gcc 1.0.0 1.47 17.07 18.54 NOTE
r-devel-linux-x86_64-fedora-clang 1.0.0 39.49 NOTE
r-devel-linux-x86_64-fedora-gcc 1.0.0 80.24 NOTE
r-devel-windows-x86_64 1.0.0 3.00 34.00 37.00 NOTE
r-devel-windows-x86_64-gcc10-UCRT 1.0.0 NOTE
r-patched-linux-x86_64 1.0.0 1.83 21.16 22.99 NOTE
r-patched-solaris-x86 1.0.0 46.70 NOTE
r-release-linux-x86_64 1.0.0 1.73 21.24 22.97 NOTE
r-release-macos-arm64 1.0.0 NOTE
r-release-macos-x86_64 1.0.0 ERROR
r-release-windows-ix86+x86_64 1.0.0 3.00 40.00 43.00 NOTE
r-oldrel-macos-x86_64 1.0.0 OK
r-oldrel-windows-ix86+x86_64 1.0.0 4.00 50.00 54.00 OK

Check Details

Version: 1.0.0
Check: LazyData
Result: NOTE
     'LazyData' is specified without a 'data' directory
Flavors: r-devel-linux-x86_64-debian-clang, r-devel-linux-x86_64-debian-gcc, r-devel-linux-x86_64-fedora-clang, r-devel-linux-x86_64-fedora-gcc, r-devel-windows-x86_64, r-devel-windows-x86_64-gcc10-UCRT, r-patched-linux-x86_64, r-patched-solaris-x86, r-release-linux-x86_64, r-release-macos-arm64, r-release-macos-x86_64, r-release-windows-ix86+x86_64

Version: 1.0.0
Check: tests
Result: ERROR
     Running ‘testthat.R’ [25s/47s]
    Running the tests in ‘tests/testthat.R’ failed.
    Last 13 lines of output:
     Error: $ operator is invalid for atomic vectors
     Backtrace:
     █
     1. └─thankr::shoulders("library") test-shoulders.R:17:2
     2. └─thankr:::library_shoulders()
     3. └─thankr:::build_package_list(utils::installed.packages()[, 1])
     4. ├─thankr:::format_pkg_df(...)
     5. │ └─base::stopifnot(is.list(lpkgs))
     6. └─base::lapply(...)
     7. └─thankr:::FUN(X[[i]], ...)
     8. └─thankr:::get_maintainer(x)
    
     [ FAIL 1 | WARN 1 | SKIP 1 | PASS 9 ]
     Error: Test failures
     Execution halted
Flavor: r-release-macos-x86_64