Last updated on 2023-03-25 13:50:33 CET.
Flavor | Version | Tinstall | Tcheck | Ttotal | Status | Flags |
---|---|---|---|---|---|---|
r-devel-linux-x86_64-debian-clang | 1.0.0 | 2.07 | 21.82 | 23.89 | NOTE | |
r-devel-linux-x86_64-debian-gcc | 1.0.0 | 1.31 | 17.13 | 18.44 | NOTE | |
r-devel-linux-x86_64-fedora-clang | 1.0.0 | 31.55 | NOTE | |||
r-devel-linux-x86_64-fedora-gcc | 1.0.0 | 88.72 | NOTE | |||
r-patched-linux-x86_64 | 1.0.0 | 2.12 | 23.49 | 25.61 | NOTE | |
r-release-linux-x86_64 | 1.0.0 | 1.46 | 24.12 | 25.58 | NOTE | |
r-release-macos-arm64 | 1.0.0 | 35.00 | NOTE | |||
r-release-macos-x86_64 | 1.0.0 | 49.00 | NOTE | |||
r-release-windows-x86_64 | 1.0.0 | 13.00 | 53.00 | 66.00 | NOTE | |
r-oldrel-macos-arm64 | 1.0.0 | 37.00 | NOTE | |||
r-oldrel-macos-x86_64 | 1.0.0 | 69.00 | NOTE | |||
r-oldrel-windows-ix86+x86_64 | 1.0.0 | 4.00 | 52.00 | 56.00 | NOTE |
Version: 1.0.0
Check: LazyData
Result: NOTE
'LazyData' is specified without a 'data' directory
Flavors: r-devel-linux-x86_64-debian-clang, r-devel-linux-x86_64-debian-gcc, r-devel-linux-x86_64-fedora-clang, r-devel-linux-x86_64-fedora-gcc, r-patched-linux-x86_64, r-release-linux-x86_64, r-release-macos-arm64, r-release-macos-x86_64, r-release-windows-x86_64, r-oldrel-macos-arm64, r-oldrel-macos-x86_64, r-oldrel-windows-ix86+x86_64