Last updated on 2023-09-29 08:54:14 CEST.
Flavor | Version | Tinstall | Tcheck | Ttotal | Status | Flags |
---|---|---|---|---|---|---|
r-devel-linux-x86_64-debian-clang | 0.4.0 | 5.85 | 39.34 | 45.19 | NOTE | |
r-devel-linux-x86_64-debian-gcc | 0.4.0 | 4.71 | 29.88 | 34.59 | NOTE | |
r-devel-linux-x86_64-fedora-clang | 0.4.0 | 56.96 | NOTE | |||
r-devel-linux-x86_64-fedora-gcc | 0.4.0 | 66.49 | NOTE | |||
r-devel-windows-x86_64 | 0.4.0 | 6.00 | 53.00 | 59.00 | NOTE | |
r-patched-linux-x86_64 | 0.4.0 | 6.23 | 37.39 | 43.62 | NOTE | |
r-release-linux-x86_64 | 0.4.0 | 6.26 | 37.96 | 44.22 | NOTE | |
r-release-macos-arm64 | 0.4.0 | 30.00 | NOTE | |||
r-release-macos-x86_64 | 0.4.0 | 44.00 | NOTE | |||
r-release-windows-x86_64 | 0.4.0 | 8.00 | 56.00 | 64.00 | NOTE | |
r-oldrel-macos-arm64 | 0.4.0 | 20.00 | NOTE | |||
r-oldrel-macos-x86_64 | 0.4.0 | 73.00 | NOTE | |||
r-oldrel-windows-x86_64 | 0.4.0 | 8.00 | 58.00 | 66.00 | NOTE |
Version: 0.4.0
Check: LazyData
Result: NOTE
'LazyData' is specified without a 'data' directory
Flavors: r-devel-linux-x86_64-debian-clang, r-devel-linux-x86_64-debian-gcc, r-devel-linux-x86_64-fedora-clang, r-devel-linux-x86_64-fedora-gcc, r-devel-windows-x86_64, r-patched-linux-x86_64, r-release-linux-x86_64, r-release-macos-arm64, r-release-macos-x86_64, r-release-windows-x86_64, r-oldrel-macos-arm64, r-oldrel-macos-x86_64, r-oldrel-windows-x86_64