Last updated on 2023-03-29 01:51:44 CEST.
Flavor | Version | Tinstall | Tcheck | Ttotal | Status | Flags |
---|---|---|---|---|---|---|
r-devel-linux-x86_64-debian-clang | 0.4.0 | 4.42 | 38.26 | 42.68 | NOTE | |
r-devel-linux-x86_64-debian-gcc | 0.4.0 | 4.55 | 29.54 | 34.09 | NOTE | |
r-devel-linux-x86_64-fedora-clang | 0.4.0 | 55.12 | NOTE | |||
r-devel-linux-x86_64-fedora-gcc | 0.4.0 | 64.22 | NOTE | |||
r-patched-linux-x86_64 | 0.4.0 | 5.75 | 37.33 | 43.08 | NOTE | |
r-release-linux-x86_64 | 0.4.0 | 5.87 | 39.37 | 45.24 | NOTE | |
r-release-macos-arm64 | 0.4.0 | 20.00 | NOTE | |||
r-release-macos-x86_64 | 0.4.0 | 73.00 | NOTE | |||
r-release-windows-x86_64 | 0.4.0 | 16.00 | 68.00 | 84.00 | NOTE | |
r-oldrel-macos-arm64 | 0.4.0 | 23.00 | NOTE | |||
r-oldrel-macos-x86_64 | 0.4.0 | 30.00 | NOTE | |||
r-oldrel-windows-ix86+x86_64 | 0.4.0 | 11.00 | 64.00 | 75.00 | NOTE |
Version: 0.4.0
Check: LazyData
Result: NOTE
'LazyData' is specified without a 'data' directory
Flavors: r-devel-linux-x86_64-debian-clang, r-devel-linux-x86_64-debian-gcc, r-devel-linux-x86_64-fedora-clang, r-devel-linux-x86_64-fedora-gcc, r-patched-linux-x86_64, r-release-linux-x86_64, r-release-macos-arm64, r-release-macos-x86_64, r-release-windows-x86_64, r-oldrel-macos-arm64, r-oldrel-macos-x86_64, r-oldrel-windows-ix86+x86_64