CRAN Package Check Results for Package thematic

Last updated on 2021-09-22 21:53:06 CEST.

Flavor Version Tinstall Tcheck Ttotal Status Flags
r-devel-linux-x86_64-debian-clang 0.1.2.1 4.67 53.10 57.77 OK
r-devel-linux-x86_64-debian-gcc 0.1.2.1 4.01 38.84 42.85 OK
r-devel-linux-x86_64-fedora-clang 0.1.2.1 74.64 OK
r-devel-linux-x86_64-fedora-gcc 0.1.2.1 68.26 OK
r-devel-windows-x86_64 0.1.2.1 6.00 56.00 62.00 OK
r-devel-windows-x86_64-gcc10-UCRT 0.1.2.1 ERROR
r-patched-linux-x86_64 0.1.2.1 4.15 50.13 54.28 OK
r-patched-solaris-x86 0.1.2.1 93.50 OK
r-release-linux-x86_64 0.1.2.1 3.97 49.32 53.29 OK
r-release-macos-arm64 0.1.2.1 NOTE
r-release-macos-x86_64 0.1.2.1 OK
r-release-windows-ix86+x86_64 0.1.2.1 9.00 55.00 64.00 OK
r-oldrel-macos-x86_64 0.1.2.1 OK
r-oldrel-windows-ix86+x86_64 0.1.2.1 6.00 59.00 65.00 OK

Check Details

Version: 0.1.2.1
Check: package dependencies
Result: NOTE
    Packages suggested but not available for checking:
     'sysfonts', 'showtext', 'Cairo', 'vdiffr'
Flavor: r-devel-windows-x86_64-gcc10-UCRT

Version: 0.1.2.1
Check: tests
Result: ERROR
     Running 'testthat.R'
    Running the tests in 'tests/testthat.R' failed.
    Complete output:
     > library(testthat)
     > library(thematic)
     >
     > test_check("thematic")
     Error in loadNamespace(name) : there is no package called 'vdiffr'
     Calls: test_check ... loadNamespace -> withRestarts -> withOneRestart -> doWithOneRestart
     Execution halted
Flavor: r-devel-windows-x86_64-gcc10-UCRT

Version: 0.1.2.1
Check: PDF version of manual
Result: WARN
    LaTeX errors when creating PDF version.
    This typically indicates Rd problems.
Flavor: r-devel-windows-x86_64-gcc10-UCRT

Version: 0.1.2.1
Check: PDF version of manual without hyperrefs or index
Result: ERROR
    Re-running with no redirection of stdout/stderr.
Flavor: r-devel-windows-x86_64-gcc10-UCRT

Version: 0.1.2.1
Check: package dependencies
Result: NOTE
    Packages suggested but not available for checking: 'sysfonts', 'showtext'
Flavor: r-release-macos-arm64