CRAN Package Check Results for Package thewitcher

Last updated on 2024-02-25 02:56:24 CET.

Flavor Version Tinstall Tcheck Ttotal Status Flags
r-devel-linux-x86_64-debian-clang 1.0.1 12.85 50.05 62.90 NOTE
r-devel-linux-x86_64-debian-gcc 1.0.1 10.65 38.01 48.66 NOTE
r-devel-linux-x86_64-fedora-clang 1.0.1 83.73 NOTE
r-devel-linux-x86_64-fedora-gcc 1.0.1 80.67 NOTE
r-devel-windows-x86_64 1.0.1 14.00 58.00 72.00 NOTE
r-patched-linux-x86_64 1.0.1 11.75 49.02 60.77 OK
r-release-linux-x86_64 1.0.1 10.11 48.63 58.74 OK
r-release-macos-arm64 1.0.1 32.00 OK
r-release-macos-x86_64 1.0.1 49.00 OK
r-release-windows-x86_64 1.0.1 18.00 64.00 82.00 OK
r-oldrel-macos-arm64 1.0.1 32.00 NOTE
r-oldrel-windows-x86_64 1.0.1 17.00 68.00 85.00 OK

Check Details

Version: 1.0.1
Check: Rd \usage sections
Result: NOTE Documented arguments not in \usage in Rd file 'witcher.Rd': ‘palettes’ Functions with \usage entries need to have the appropriate \alias entries, and all their arguments documented. The \usage entries must correspond to syntactically valid R code. See chapter ‘Writing R documentation files’ in the ‘Writing R Extensions’ manual. Flavors: r-devel-linux-x86_64-debian-clang, r-devel-linux-x86_64-debian-gcc, r-devel-linux-x86_64-fedora-clang, r-devel-linux-x86_64-fedora-gcc, r-devel-windows-x86_64

Version: 1.0.1
Check: dependencies in R code
Result: NOTE Namespaces in Imports field not imported from: ‘MASS’ ‘readr’ ‘tidyverse’ ‘usethis’ All declared Imports should be used. Flavors: r-devel-linux-x86_64-fedora-clang, r-devel-linux-x86_64-fedora-gcc, r-oldrel-macos-arm64