CRAN Package Check Results for Package thewitcher

Last updated on 2022-05-25 02:52:32 CEST.

Flavor Version Tinstall Tcheck Ttotal Status Flags
r-devel-linux-x86_64-debian-clang 1.0.1 15.58 65.19 80.77 OK
r-devel-linux-x86_64-debian-gcc 1.0.1 13.10 48.71 61.81 OK
r-devel-linux-x86_64-fedora-clang 1.0.1 98.25 NOTE
r-devel-linux-x86_64-fedora-gcc 1.0.1 83.74 NOTE
r-devel-windows-x86_64 1.0.1 31.00 83.00 114.00 OK
r-patched-linux-x86_64 1.0.1 13.43 61.41 74.84 OK
r-release-linux-x86_64 1.0.1 OK
r-release-macos-arm64 1.0.1 32.00 NOTE
r-release-macos-x86_64 1.0.1 49.00 NOTE
r-release-windows-x86_64 1.0.1 55.00 79.00 134.00 OK
r-oldrel-macos-arm64 1.0.1 32.00 NOTE
r-oldrel-macos-x86_64 1.0.1 40.00 NOTE
r-oldrel-windows-ix86+x86_64 1.0.1 30.00 76.00 106.00 OK

Check Details

Version: 1.0.1
Check: dependencies in R code
Result: NOTE
    Namespaces in Imports field not imported from:
     ‘MASS’ ‘readr’ ‘tidyverse’ ‘usethis’
     All declared Imports should be used.
Flavors: r-devel-linux-x86_64-fedora-clang, r-devel-linux-x86_64-fedora-gcc, r-release-macos-arm64, r-release-macos-x86_64, r-oldrel-macos-arm64, r-oldrel-macos-x86_64