CRAN Package Check Results for Package thewitcher

Last updated on 2023-06-01 20:53:57 CEST.

Flavor Version Tinstall Tcheck Ttotal Status Flags
r-devel-linux-x86_64-debian-clang 1.0.1 13.85 49.25 63.10 OK
r-devel-linux-x86_64-debian-gcc 1.0.1 11.16 38.31 49.47 OK
r-devel-linux-x86_64-fedora-clang 1.0.1 85.00 NOTE
r-devel-linux-x86_64-fedora-gcc 1.0.1 76.89 NOTE
r-devel-windows-x86_64 1.0.1 14.00 57.00 71.00 OK
r-patched-linux-x86_64 1.0.1 OK
r-release-linux-x86_64 1.0.1 11.61 46.21 57.82 OK
r-release-macos-arm64 1.0.1 32.00 OK
r-release-macos-x86_64 1.0.1 49.00 OK
r-release-windows-x86_64 1.0.1 18.00 64.00 82.00 OK
r-oldrel-macos-arm64 1.0.1 32.00 NOTE
r-oldrel-macos-x86_64 1.0.1 49.00 NOTE
r-oldrel-windows-x86_64 1.0.1 17.00 66.00 83.00 OK

Check Details

Version: 1.0.1
Check: dependencies in R code
Result: NOTE
    Namespaces in Imports field not imported from:
     ‘MASS’ ‘readr’ ‘tidyverse’ ‘usethis’
     All declared Imports should be used.
Flavors: r-devel-linux-x86_64-fedora-clang, r-devel-linux-x86_64-fedora-gcc, r-oldrel-macos-arm64, r-oldrel-macos-x86_64