CRAN Package Check Results for Package thorn

Last updated on 2021-10-20 11:53:02 CEST.

Flavor Version Tinstall Tcheck Ttotal Status Flags
r-devel-linux-x86_64-debian-clang 0.2.0 2.05 22.37 24.42 NOTE
r-devel-linux-x86_64-debian-gcc 0.2.0 1.70 17.90 19.60 NOTE
r-devel-linux-x86_64-fedora-clang 0.2.0 40.61 NOTE
r-devel-linux-x86_64-fedora-gcc 0.2.0 29.94 NOTE
r-devel-windows-x86_64 0.2.0 4.00 33.00 37.00 NOTE
r-devel-windows-x86_64-gcc10-UCRT 0.2.0 NOTE
r-patched-linux-x86_64 0.2.0 2.01 21.90 23.91 NOTE
r-patched-solaris-x86 0.2.0 51.40 NOTE
r-release-linux-x86_64 0.2.0 2.13 22.27 24.40 NOTE
r-release-macos-arm64 0.2.0 NOTE
r-release-macos-x86_64 0.2.0 NOTE
r-release-windows-ix86+x86_64 0.2.0 5.00 42.00 47.00 NOTE
r-oldrel-macos-x86_64 0.2.0 OK
r-oldrel-windows-ix86+x86_64 0.2.0 5.00 41.00 46.00 OK

Check Details

Version: 0.2.0
Check: LazyData
Result: NOTE
     'LazyData' is specified without a 'data' directory
Flavors: r-devel-linux-x86_64-debian-clang, r-devel-linux-x86_64-debian-gcc, r-devel-linux-x86_64-fedora-clang, r-devel-linux-x86_64-fedora-gcc, r-devel-windows-x86_64, r-devel-windows-x86_64-gcc10-UCRT, r-patched-linux-x86_64, r-patched-solaris-x86, r-release-linux-x86_64, r-release-macos-arm64, r-release-macos-x86_64, r-release-windows-ix86+x86_64