CRAN Package Check Results for Package thorn

Last updated on 2022-10-05 13:49:26 CEST.

Flavor Version Tinstall Tcheck Ttotal Status Flags
r-devel-linux-x86_64-debian-clang 0.2.0 1.62 28.14 29.76 NOTE
r-devel-linux-x86_64-debian-gcc 0.2.0 2.11 22.31 24.42 NOTE
r-devel-linux-x86_64-fedora-clang 0.2.0 51.90 NOTE
r-devel-linux-x86_64-fedora-gcc 0.2.0 46.36 NOTE
r-devel-windows-x86_64 0.2.0 10.00 54.00 64.00 NOTE
r-patched-linux-x86_64 0.2.0 1.69 27.01 28.70 NOTE
r-release-linux-x86_64 0.2.0 2.58 27.09 29.67 NOTE
r-release-macos-arm64 0.2.0 17.00 NOTE
r-release-macos-x86_64 0.2.0 22.00 NOTE
r-release-windows-x86_64 0.2.0 11.00 54.00 65.00 NOTE
r-oldrel-macos-arm64 0.2.0 20.00 NOTE
r-oldrel-macos-x86_64 0.2.0 26.00 NOTE
r-oldrel-windows-ix86+x86_64 0.2.0 6.00 50.00 56.00 NOTE

Check Details

Version: 0.2.0
Check: LazyData
Result: NOTE
     'LazyData' is specified without a 'data' directory
Flavors: r-devel-linux-x86_64-debian-clang, r-devel-linux-x86_64-debian-gcc, r-devel-linux-x86_64-fedora-clang, r-devel-linux-x86_64-fedora-gcc, r-devel-windows-x86_64, r-patched-linux-x86_64, r-release-linux-x86_64, r-release-macos-arm64, r-release-macos-x86_64, r-release-windows-x86_64, r-oldrel-macos-arm64, r-oldrel-macos-x86_64, r-oldrel-windows-ix86+x86_64