CRAN Package Check Results for Package thredds

Last updated on 2022-08-15 14:52:43 CEST.

Flavor Version Tinstall Tcheck Ttotal Status Flags
r-devel-linux-x86_64-debian-clang 0.1-1 7.72 31.76 39.48 NOTE
r-devel-linux-x86_64-debian-gcc 0.1-1 4.19 24.99 29.18 NOTE
r-devel-linux-x86_64-fedora-clang 0.1-1 57.17 NOTE
r-devel-linux-x86_64-fedora-gcc 0.1-1 59.27 NOTE
r-devel-windows-x86_64 0.1-1 16.00 60.00 76.00 OK
r-patched-linux-x86_64 0.1-1 7.23 30.48 37.71 OK
r-release-linux-x86_64 0.1-1 6.08 30.18 36.26 OK
r-release-macos-arm64 0.1-1 18.00 OK
r-release-macos-x86_64 0.1-1 28.00 OK
r-release-windows-x86_64 0.1-1 19.00 54.00 73.00 OK
r-oldrel-macos-arm64 0.1-1 19.00 OK
r-oldrel-macos-x86_64 0.1-1 27.00 OK
r-oldrel-windows-ix86+x86_64 0.1-1 12.00 53.00 65.00 OK

Check Details

Version: 0.1-1
Check: HTML version of manual
Result: NOTE
    Found the following HTML validation problems:
    CatalogNode.html:80:6: Warning: missing </span> before <p>
    CatalogNode.html:80:93: Warning: inserting implicit <span>
    CatalogNode.html:83:6: Warning: missing </span> before <p>
    CatalogNode.html:83:101: Warning: inserting implicit <span>
    CatalogNode.html:86:6: Warning: missing </span> before <p>
    CatalogNode.html:86:90: Warning: inserting implicit <span>
    CatalogNode.html:89:6: Warning: missing </span> before <p>
    CatalogNode.html:89:97: Warning: inserting implicit <span>
    CatalogNode.html:80:6: Warning: trimming empty <span>
    CatalogNode.html:83:6: Warning: trimming empty <span>
    CatalogNode.html:86:6: Warning: trimming empty <span>
    CatalogNode.html:89:6: Warning: trimming empty <span>
    DatasetNode.html:81:6: Warning: missing </span> before <p>
    DatasetNode.html:81:93: Warning: inserting implicit <span>
    DatasetNode.html:84:6: Warning: missing </span> before <p>
    DatasetNode.html:84:101: Warning: inserting implicit <span>
    DatasetNode.html:81:6: Warning: trimming empty <span>
    DatasetNode.html:84:6: Warning: trimming empty <span>
    ServiceNode.html:72:6: Warning: missing </span> before <p>
    ServiceNode.html:72:93: Warning: inserting implicit <span>
    ServiceNode.html:75:6: Warning: missing </span> before <p>
    ServiceNode.html:75:101: Warning: inserting implicit <span>
    ServiceNode.html:78:6: Warning: missing </span> before <p>
    ServiceNode.html:78:90: Warning: inserting implicit <span>
    ServiceNode.html:72:6: Warning: trimming empty <span>
    ServiceNode.html:75:6: Warning: trimming empty <span>
    ServiceNode.html:78:6: Warning: trimming empty <span>
Flavors: r-devel-linux-x86_64-debian-clang, r-devel-linux-x86_64-debian-gcc, r-devel-linux-x86_64-fedora-clang, r-devel-linux-x86_64-fedora-gcc