CRAN Package Check Results for Package threeboost

Last updated on 2019-11-14 21:47:17 CET.

Flavor Version Tinstall Tcheck Ttotal Status Flags
r-devel-linux-x86_64-debian-clang 1.1 2.15 31.23 33.38 NOTE
r-devel-linux-x86_64-debian-gcc 1.1 1.74 23.55 25.29 NOTE
r-devel-linux-x86_64-fedora-clang 1.1 40.98 NOTE
r-devel-linux-x86_64-fedora-gcc 1.1 39.65 NOTE
r-devel-windows-ix86+x86_64 1.1 9.00 54.00 63.00 NOTE
r-patched-linux-x86_64 1.1 1.88 29.59 31.47 NOTE
r-patched-solaris-x86 1.1 56.50 NOTE
r-release-linux-x86_64 1.1 1.91 29.75 31.66 NOTE
r-release-windows-ix86+x86_64 1.1 3.00 55.00 58.00 NOTE
r-release-osx-x86_64 1.1 NOTE
r-oldrel-windows-ix86+x86_64 1.1 2.00 60.00 62.00 NOTE
r-oldrel-osx-x86_64 1.1 NOTE

Check Details

Version: 1.1
Check: R code for possible problems
Result: NOTE
    coef_traceplot: no visible global function definition for 'rainbow'
    coef_traceplot: no visible global function definition for 'plot'
    coef_traceplot: no visible global function definition for 'abline'
    coef_traceplot : <anonymous>: no visible global function definition for
     'lines'
    coef_traceplot: no visible global function definition for 'text'
    ee.GEE.aux : <anonymous>: no visible global function definition for
     'combn'
    Undefined global functions or variables:
     abline combn lines plot rainbow text
    Consider adding
     importFrom("grDevices", "rainbow")
     importFrom("graphics", "abline", "lines", "plot", "text")
     importFrom("utils", "combn")
    to your NAMESPACE file.
Flavors: r-devel-linux-x86_64-debian-clang, r-devel-linux-x86_64-debian-gcc, r-devel-linux-x86_64-fedora-clang, r-devel-linux-x86_64-fedora-gcc, r-devel-windows-ix86+x86_64, r-patched-linux-x86_64, r-patched-solaris-x86, r-release-linux-x86_64, r-release-windows-ix86+x86_64, r-release-osx-x86_64, r-oldrel-windows-ix86+x86_64, r-oldrel-osx-x86_64