CRAN Package Check Results for Package thsls

Last updated on 2021-09-25 02:51:26 CEST.

Flavor Version Tinstall Tcheck Ttotal Status Flags
r-devel-linux-x86_64-debian-clang 0.1 2.00 22.81 24.81 NOTE
r-devel-linux-x86_64-debian-gcc 0.1 1.48 17.64 19.12 NOTE
r-devel-linux-x86_64-fedora-clang 0.1 38.66 NOTE
r-devel-linux-x86_64-fedora-gcc 0.1 27.74 NOTE
r-devel-windows-x86_64 0.1 3.00 28.00 31.00 NOTE
r-devel-windows-x86_64-gcc10-UCRT 0.1 NOTE
r-patched-linux-x86_64 0.1 1.88 22.10 23.98 NOTE
r-patched-solaris-x86 0.1 44.50 NOTE
r-release-linux-x86_64 0.1 1.71 22.24 23.95 NOTE
r-release-macos-arm64 0.1 NOTE
r-release-macos-x86_64 0.1 NOTE
r-release-windows-ix86+x86_64 0.1 5.00 25.00 30.00 NOTE
r-oldrel-macos-x86_64 0.1 NOTE
r-oldrel-windows-ix86+x86_64 0.1 4.00 26.00 30.00 NOTE

Check Details

Version: 0.1
Check: R code for possible problems
Result: NOTE
    summary.tsls: no visible global function definition for 'printCoefmat'
    threesls: no visible global function definition for 'cor'
    threesls: no visible global function definition for 'pt'
    tsls.formula: no visible global function definition for 'model.matrix'
    tsls.formula: no visible global function definition for
     'model.response'
    Undefined global functions or variables:
     cor model.matrix model.response printCoefmat pt
    Consider adding
     importFrom("stats", "cor", "model.matrix", "model.response",
     "printCoefmat", "pt")
    to your NAMESPACE file.
Flavors: r-devel-linux-x86_64-debian-clang, r-devel-linux-x86_64-debian-gcc, r-devel-linux-x86_64-fedora-clang, r-devel-linux-x86_64-fedora-gcc, r-devel-windows-x86_64, r-devel-windows-x86_64-gcc10-UCRT, r-patched-linux-x86_64, r-patched-solaris-x86, r-release-linux-x86_64, r-release-macos-arm64, r-release-macos-x86_64, r-release-windows-ix86+x86_64, r-oldrel-macos-x86_64, r-oldrel-windows-ix86+x86_64

Version: 0.1
Check: LazyData
Result: NOTE
     'LazyData' is specified without a 'data' directory
Flavors: r-devel-linux-x86_64-debian-clang, r-devel-linux-x86_64-debian-gcc, r-devel-linux-x86_64-fedora-clang, r-devel-linux-x86_64-fedora-gcc, r-devel-windows-x86_64, r-devel-windows-x86_64-gcc10-UCRT, r-patched-linux-x86_64, r-patched-solaris-x86, r-release-linux-x86_64, r-release-macos-arm64, r-release-macos-x86_64, r-release-windows-ix86+x86_64