Last updated on 2023-02-05 20:53:19 CET.
Flavor | Version | Tinstall | Tcheck | Ttotal | Status | Flags |
---|---|---|---|---|---|---|
r-devel-linux-x86_64-debian-clang | 0.12.1 | 254.96 | 153.15 | 408.11 | NOTE | |
r-devel-linux-x86_64-debian-gcc | 0.12.1 | 232.96 | 128.25 | 361.21 | NOTE | |
r-devel-linux-x86_64-fedora-clang | 0.12.1 | 537.45 | NOTE | |||
r-devel-linux-x86_64-fedora-gcc | 0.12.1 | 636.65 | NOTE | |||
r-devel-windows-x86_64 | 0.12.1 | 261.00 | 241.00 | 502.00 | NOTE | |
r-patched-linux-x86_64 | 0.12.1 | 226.17 | 159.93 | 386.10 | NOTE | |
r-release-linux-x86_64 | 0.12.1 | 223.07 | 164.03 | 387.10 | NOTE | |
r-release-macos-arm64 | 0.12.1 | 141.00 | NOTE | |||
r-release-macos-x86_64 | 0.12.1 | 252.00 | NOTE | |||
r-release-windows-x86_64 | 0.12.1 | 208.00 | 248.00 | 456.00 | NOTE | |
r-oldrel-macos-arm64 | 0.12.1 | 162.00 | NOTE | |||
r-oldrel-macos-x86_64 | 0.12.1 | 188.00 | NOTE | |||
r-oldrel-windows-ix86+x86_64 | 0.12.1 | 573.00 | 332.00 | 905.00 | NOTE |
Version: 0.12.1
Check: C++ specification
Result: NOTE
Specified C++14: please update to current default of C++17
Flavors: r-devel-linux-x86_64-debian-clang, r-devel-linux-x86_64-debian-gcc, r-devel-linux-x86_64-fedora-clang, r-devel-linux-x86_64-fedora-gcc, r-devel-windows-x86_64
Version: 0.12.1
Check: for GNU extensions in Makefiles
Result: NOTE
GNU make is a SystemRequirements.
Flavors: r-devel-linux-x86_64-debian-clang, r-devel-linux-x86_64-debian-gcc, r-devel-linux-x86_64-fedora-clang, r-devel-linux-x86_64-fedora-gcc, r-devel-windows-x86_64, r-patched-linux-x86_64, r-release-linux-x86_64, r-release-macos-arm64, r-release-macos-x86_64, r-release-windows-x86_64, r-oldrel-macos-arm64, r-oldrel-macos-x86_64, r-oldrel-windows-ix86+x86_64
Version: 0.12.1
Check: dependencies in R code
Result: NOTE
Namespaces in Imports field not imported from:
‘RcppParallel’ ‘knitr’
All declared Imports should be used.
Flavors: r-devel-linux-x86_64-fedora-clang, r-devel-linux-x86_64-fedora-gcc, r-release-macos-arm64, r-release-macos-x86_64, r-oldrel-macos-arm64, r-oldrel-macos-x86_64
Version: 0.12.1
Check: installed package size
Result: NOTE
installed size is 48.3Mb
sub-directories of 1Mb or more:
libs 47.9Mb
Flavors: r-release-macos-arm64, r-release-macos-x86_64, r-oldrel-macos-arm64, r-oldrel-macos-x86_64, r-oldrel-windows-ix86+x86_64