CRAN Package Check Results for Package tibble

Last updated on 2021-10-22 10:59:27 CEST.

Flavor Version Tinstall Tcheck Ttotal Status Flags
r-devel-linux-x86_64-debian-clang 3.1.5 8.74 121.82 130.56 OK
r-devel-linux-x86_64-debian-gcc 3.1.5 6.12 91.72 97.84 OK
r-devel-linux-x86_64-fedora-clang 3.1.5 161.60 OK
r-devel-linux-x86_64-fedora-gcc 3.1.5 161.21 OK
r-devel-windows-x86_64 3.1.5 14.00 108.00 122.00 OK
r-devel-windows-x86_64-gcc10-UCRT 3.1.5 NOTE
r-patched-linux-x86_64 3.1.5 11.00 123.28 134.28 OK
r-patched-solaris-x86 3.1.5 174.40 OK
r-release-linux-x86_64 3.1.5 7.87 124.13 132.00 OK
r-release-macos-arm64 3.1.5 OK
r-release-macos-x86_64 3.1.5 OK
r-release-windows-ix86+x86_64 3.1.5 16.00 173.00 189.00 OK
r-oldrel-macos-x86_64 3.1.5 OK
r-oldrel-windows-ix86+x86_64 3.1.5 17.00 183.00 200.00 OK

Check Details

Version: 3.1.5
Check: package dependencies
Result: NOTE
    Package suggested but not available for checking: 'DiagrammeR'
Flavor: r-devel-windows-x86_64-gcc10-UCRT