CRAN Package Check Results for Package tibble

Last updated on 2018-02-23 01:46:48 CET.

Flavor Version Tinstall Tcheck Ttotal Status Flags
r-devel-linux-x86_64-debian-clang 1.4.2 4.68 38.82 43.50 OK
r-devel-linux-x86_64-debian-gcc 1.4.2 3.05 33.09 36.14 OK
r-devel-linux-x86_64-fedora-clang 1.4.2 56.74 OK
r-devel-linux-x86_64-fedora-gcc 1.4.2 56.75 OK
r-devel-windows-ix86+x86_64 1.4.2 13.00 68.00 81.00 OK
r-patched-linux-x86_64 1.4.2 1.92 48.03 49.95 OK
r-patched-solaris-x86 1.4.2 73.60 OK
r-release-linux-x86_64 1.4.2 1.78 47.52 49.30 OK
r-release-windows-ix86+x86_64 1.4.2 11.00 101.00 112.00 OK
r-release-osx-x86_64 1.4.2 OK
r-oldrel-windows-ix86+x86_64 1.4.2 9.00 60.00 69.00 OK
r-oldrel-osx-x86_64 1.4.1 ERROR

Check Details

Version: 1.4.1
Check: tests
Result: ERROR
    Running the tests in ‘tests/testthat.R’ failed.
    Last 13 lines of output:
     x[4]: "# <chr>, b <lgl>"
     y[4]: "# a <chr>, b <lgl>"
    
     ══ testthat results ═══════════════════════════════════════════════════════════
     OK: 442 SKIPPED: 0 FAILED: 5
     1. Failure: trunc_mat output matches known output (@test-trunc-mat.R#21)
     2. Failure: trunc_mat output matches known output (@test-trunc-mat.R#26)
     3. Failure: trunc_mat output matches known output (@test-trunc-mat.R#31)
     4. Failure: trunc_mat output matches known output (@test-trunc-mat.R#46)
     5. Failure: trunc_mat output matches known output (@test-trunc-mat.R#61)
    
     Error: testthat unit tests failed
     Execution halted
Flavor: r-oldrel-osx-x86_64