CRAN Package Check Results for Package tibble

Last updated on 2017-06-25 15:50:29.

Flavor Version Tinstall Tcheck Ttotal Status Flags
r-devel-linux-x86_64-debian-clang 1.3.3 9.21 26.88 36.08 OK
r-devel-linux-x86_64-debian-gcc 1.3.3 9.94 26.62 36.56 OK
r-devel-linux-x86_64-fedora-clang 1.3.3 70.52 OK
r-devel-linux-x86_64-fedora-gcc 1.3.3 66.89 OK
r-devel-windows-ix86+x86_64 1.3.3 36.00 98.00 134.00 OK
r-patched-linux-x86_64 1.3.3 8.23 26.20 34.43 OK
r-patched-solaris-sparc 1.3.3 361.40 NOTE
r-patched-solaris-x86 1.3.3 75.30 NOTE
r-release-linux-x86_64 1.3.3 9.58 26.23 35.81 OK
r-release-windows-ix86+x86_64 1.3.3 52.00 92.00 144.00 OK
r-release-osx-x86_64 1.3.3 OK
r-oldrel-windows-ix86+x86_64 1.3.3 33.00 85.00 118.00 OK
r-oldrel-osx-x86_64 1.3.3 OK

Check Details

Version: 1.3.3
Check: package dependencies
Result: NOTE
    Package suggested but not available for checking: ‘microbenchmark’
Flavors: r-patched-solaris-sparc, r-patched-solaris-x86