CRAN Package Check Results for Package tibble

Last updated on 2017-10-19 01:46:38.

Flavor Version Tinstall Tcheck Ttotal Status Flags
r-devel-linux-x86_64-debian-clang 1.3.4 9.12 28.00 37.12 OK
r-devel-linux-x86_64-debian-gcc 1.3.4 8.94 30.27 39.21 OK
r-devel-linux-x86_64-fedora-clang 1.3.4 76.03 OK
r-devel-linux-x86_64-fedora-gcc 1.3.4 70.40 OK
r-devel-windows-ix86+x86_64 1.3.4 33.00 121.00 154.00 OK
r-patched-linux-x86_64 1.3.4 9.97 27.12 37.10 OK
r-patched-solaris-x86 1.3.4 78.40 NOTE
r-release-linux-x86_64 1.3.4 9.67 27.38 37.05 OK
r-release-windows-ix86+x86_64 1.3.4 48.00 100.00 148.00 OK
r-release-osx-x86_64 1.3.4 OK
r-oldrel-windows-ix86+x86_64 1.3.4 42.00 79.00 121.00 OK
r-oldrel-osx-x86_64 1.3.4 OK

Check Details

Version: 1.3.4
Check: package dependencies
Result: NOTE
    Package suggested but not available for checking: ‘microbenchmark’
Flavor: r-patched-solaris-x86