CRAN Package Check Results for Package tibble

Last updated on 2020-12-04 05:48:22 CET.

Flavor Version Tinstall Tcheck Ttotal Status Flags
r-devel-linux-x86_64-debian-clang 3.0.4 8.84 90.68 99.52 OK
r-devel-linux-x86_64-debian-gcc 3.0.4 6.65 73.44 80.09 OK
r-devel-linux-x86_64-fedora-clang 3.0.4 121.57 OK
r-devel-linux-x86_64-fedora-gcc 3.0.4 113.95 OK
r-devel-windows-ix86+x86_64 3.0.4 2.00 8.00 10.00 ERROR
r-patched-linux-x86_64 3.0.4 7.88 89.07 96.95 OK
r-patched-solaris-x86 3.0.4 145.70 OK
r-release-linux-x86_64 3.0.4 7.62 90.21 97.83 OK
r-release-macos-x86_64 3.0.4 OK
r-release-windows-ix86+x86_64 3.0.4 13.00 134.00 147.00 OK
r-oldrel-macos-x86_64 3.0.4 OK
r-oldrel-windows-ix86+x86_64 3.0.4 14.00 141.00 155.00 OK

Check Details

Version: 3.0.4
Check: whether package can be installed
Result: ERROR
    Installation failed.
Flavor: r-devel-windows-ix86+x86_64