CRAN Package Check Results for Package tibble

Last updated on 2017-08-23 01:46:51.

Flavor Version Tinstall Tcheck Ttotal Status Flags
r-devel-linux-x86_64-debian-clang 1.3.3 9.32 27.56 36.88 OK
r-devel-linux-x86_64-debian-gcc 1.3.4 9.81 26.98 36.80 OK
r-devel-linux-x86_64-fedora-clang 1.3.4 77.31 OK
r-devel-linux-x86_64-fedora-gcc 1.3.4 36.49 OK
r-devel-windows-ix86+x86_64 1.3.3 30.00 96.00 126.00 OK
r-patched-linux-x86_64 1.3.3 9.93 26.74 36.67 OK
r-patched-solaris-x86 1.3.4 73.10 NOTE
r-release-linux-x86_64 1.3.3 10.01 26.49 36.50 OK
r-release-windows-ix86+x86_64 1.3.3 31.00 81.00 112.00 OK
r-release-osx-x86_64 1.3.3 OK
r-oldrel-windows-ix86+x86_64 1.3.3 29.00 61.00 90.00 OK
r-oldrel-osx-x86_64 1.3.3 OK

Check Details

Version: 1.3.4
Check: package dependencies
Result: NOTE
    Package suggested but not available for checking: ‘microbenchmark’
Flavor: r-patched-solaris-x86