CRAN Package Check Results for Package tibble

Last updated on 2017-12-11 17:49:23 CET.

Flavor Version Tinstall Tcheck Ttotal Status Flags
r-devel-linux-x86_64-debian-clang 1.3.4 11.65 36.90 48.55 OK
r-devel-linux-x86_64-debian-gcc 1.3.4 10.39 33.54 43.93 OK
r-devel-linux-x86_64-fedora-clang 1.3.4 67.23 OK
r-devel-linux-x86_64-fedora-gcc 1.3.4 65.36 OK
r-devel-windows-ix86+x86_64 1.3.4 42.00 73.00 115.00 OK
r-patched-linux-x86_64 1.3.4 13.09 41.96 55.05 OK
r-patched-solaris-x86 1.3.4 77.40 NOTE
r-release-linux-x86_64 1.3.4 12.73 41.96 54.69 OK
r-release-windows-ix86+x86_64 1.3.4 31.00 80.00 111.00 OK
r-release-osx-x86_64 1.3.4 OK
r-oldrel-windows-ix86+x86_64 1.3.4 45.00 80.00 125.00 OK
r-oldrel-osx-x86_64 1.3.4 OK

Check Details

Version: 1.3.4
Check: package dependencies
Result: NOTE
    Package suggested but not available for checking: ‘microbenchmark’
Flavor: r-patched-solaris-x86