CRAN Package Check Results for Package tibbleOne

Last updated on 2019-12-16 11:50:10 CET.

Flavor Version Tinstall Tcheck Ttotal Status Flags
r-devel-linux-x86_64-debian-clang 0.1.0 8.26 72.61 80.87 OK
r-devel-linux-x86_64-debian-gcc 0.1.0 7.06 54.26 61.32 OK
r-devel-linux-x86_64-fedora-clang 0.1.0 94.15 NOTE
r-devel-linux-x86_64-fedora-gcc 0.1.0 91.59 NOTE
r-devel-windows-ix86+x86_64 0.1.0 17.00 130.00 147.00 OK
r-devel-windows-ix86+x86_64-gcc8 0.1.0 20.00 142.00 162.00 OK
r-patched-linux-x86_64 0.1.0 7.22 65.15 72.37 OK
r-patched-solaris-x86 0.1.0 134.20 NOTE
r-release-linux-x86_64 0.1.0 5.14 64.08 69.22 OK
r-release-windows-ix86+x86_64 0.1.0 13.00 92.00 105.00 OK
r-release-osx-x86_64 0.1.0 NOTE
r-oldrel-windows-ix86+x86_64 0.1.0 10.00 122.00 132.00 OK
r-oldrel-osx-x86_64 0.1.0 NOTE

Check Details

Version: 0.1.0
Check: dependencies in R code
Result: NOTE
    Namespace in Imports field not imported from: ‘lifecycle’
     All declared Imports should be used.
Flavors: r-devel-linux-x86_64-fedora-clang, r-devel-linux-x86_64-fedora-gcc, r-patched-solaris-x86, r-release-osx-x86_64, r-oldrel-osx-x86_64