CRAN Package Check Results for Package tictoc

Last updated on 2020-08-11 12:50:18 CEST.

Flavor Version Tinstall Tcheck Ttotal Status Flags
r-devel-linux-x86_64-debian-clang 1.0 1.75 21.56 23.31 NOTE
r-devel-linux-x86_64-debian-gcc 1.0 1.46 17.14 18.60 NOTE
r-devel-linux-x86_64-fedora-clang 1.0 37.04 NOTE
r-devel-linux-x86_64-fedora-gcc 1.0 27.73 NOTE
r-devel-windows-ix86+x86_64 1.0 6.00 32.00 38.00 NOTE
r-patched-linux-x86_64 1.0 1.98 21.42 23.40 NOTE
r-patched-solaris-x86 1.0 43.20 NOTE
r-release-linux-x86_64 1.0 2.14 21.35 23.49 NOTE
r-release-macos-x86_64 1.0 NOTE
r-release-windows-ix86+x86_64 1.0 4.00 46.00 50.00 NOTE
r-oldrel-macos-x86_64 1.0 NOTE
r-oldrel-windows-ix86+x86_64 1.0 5.00 45.00 50.00 NOTE

Check Details

Version: 1.0
Check: DESCRIPTION meta-information
Result: NOTE
    Malformed Title field: should not end in a period.
Flavors: r-devel-linux-x86_64-debian-clang, r-devel-linux-x86_64-debian-gcc, r-devel-linux-x86_64-fedora-clang, r-devel-linux-x86_64-fedora-gcc, r-devel-windows-ix86+x86_64, r-patched-linux-x86_64, r-patched-solaris-x86, r-release-linux-x86_64, r-release-macos-x86_64, r-release-windows-ix86+x86_64, r-oldrel-macos-x86_64, r-oldrel-windows-ix86+x86_64