CRAN Package Check Results for Package tidyCpp

Last updated on 2023-03-29 04:51:26 CEST.

Flavor Version Tinstall Tcheck Ttotal Status Flags
r-devel-linux-x86_64-debian-clang 0.0.6 1.32 16.35 17.67 OK
r-devel-linux-x86_64-debian-gcc 0.0.6 1.11 13.09 14.20 OK
r-devel-linux-x86_64-fedora-clang 0.0.6 23.29 OK
r-devel-linux-x86_64-fedora-gcc 0.0.6 35.80 OK
r-patched-linux-x86_64 0.0.6 1.63 16.00 17.63 OK
r-release-linux-x86_64 0.0.6 1.39 16.74 18.13 OK
r-release-macos-arm64 0.0.6 12.00 OK
r-release-macos-x86_64 0.0.6 17.00 OK
r-release-windows-x86_64 0.0.6 11.00 48.00 59.00 OK
r-oldrel-macos-arm64 0.0.6 19.00 OK
r-oldrel-macos-x86_64 0.0.6 19.00 NOTE
r-oldrel-windows-ix86+x86_64 0.0.6 4.00 42.00 46.00 WARN

Check Details

Version: 0.0.6
Check: re-building of vignette outputs
Result: NOTE
    Error(s) in re-building vignettes:
     ...
    --- re-building ‘motivation.md’ using mdweave_to_html
    Cannot find pandoc. Not able to weave vignette.
    Error: processing vignette 'motivation.md' failed with diagnostics:
    Failed to locate ‘weave’ output file ‘motivation.pdf’ or ‘motivation.html’ for vignette with name ‘motivation’ and engine ‘simplermarkdown::mdweave_to_html’. The following files exist in working directory ‘/Volumes/Builds/packages/high-sierra-x86_64/results/4.1/tidyCpp.Rcheck/vign_test/tidyCpp/vignettes’: ‘motivation.md’ (18115 bytes), ‘water.css’ (1193 bytes)
    --- failed re-building ‘motivation.md’
    
    SUMMARY: processing the following file failed:
     ‘motivation.md’
    
    Error: Vignette re-building failed.
    Execution halted
Flavor: r-oldrel-macos-x86_64

Version: 0.0.6
Check: re-building of vignette outputs
Result: WARN
    Error(s) in re-building vignettes:
    --- re-building 'motivation.md' using mdweave_to_html
    Error: processing vignette 'motivation.md' failed with diagnostics:
    Running '' had status 127; this generally means that '' could not be found. Make sure '' in on the path.
    --- failed re-building 'motivation.md'
    
    SUMMARY: processing the following file failed:
     'motivation.md'
    
    Error: Vignette re-building failed.
    Execution halted
Flavor: r-oldrel-windows-ix86+x86_64