CRAN Package Check Results for Package tidyCpp

Last updated on 2021-09-23 15:51:16 CEST.

Flavor Version Tinstall Tcheck Ttotal Status Flags
r-devel-linux-x86_64-debian-clang 0.0.5 1.38 16.90 18.28 OK
r-devel-linux-x86_64-debian-gcc 0.0.5 1.15 12.90 14.05 OK
r-devel-linux-x86_64-fedora-clang 0.0.5 31.54 OK
r-devel-linux-x86_64-fedora-gcc 0.0.5 21.48 OK
r-devel-windows-x86_64 0.0.5 3.00 26.00 29.00 OK
r-devel-windows-x86_64-gcc10-UCRT 0.0.5 ERROR
r-patched-linux-x86_64 0.0.5 1.42 16.03 17.45 OK
r-patched-solaris-x86 0.0.5 29.70 OK
r-release-linux-x86_64 0.0.5 1.36 16.09 17.45 OK
r-release-macos-arm64 0.0.5 OK
r-release-macos-x86_64 0.0.5 OK
r-release-windows-ix86+x86_64 0.0.5 4.00 27.00 31.00 OK
r-oldrel-macos-x86_64 0.0.5 OK
r-oldrel-windows-ix86+x86_64 0.0.5 4.00 27.00 31.00 OK

Check Details

Version: 0.0.5
Check: PDF version of manual
Result: WARN
    LaTeX errors when creating PDF version.
    This typically indicates Rd problems.
Flavor: r-devel-windows-x86_64-gcc10-UCRT

Version: 0.0.5
Check: PDF version of manual without hyperrefs or index
Result: ERROR
    Re-running with no redirection of stdout/stderr.
Flavor: r-devel-windows-x86_64-gcc10-UCRT