Last updated on 2023-06-09 12:58:29 CEST.
Flavor | Version | Tinstall | Tcheck | Ttotal | Status | Flags |
---|---|---|---|---|---|---|
r-devel-linux-x86_64-debian-clang | 0.1.1 | 2.11 | 37.21 | 39.32 | OK | |
r-devel-linux-x86_64-debian-gcc | 0.1.1 | 1.87 | 30.22 | 32.09 | OK | |
r-devel-linux-x86_64-fedora-clang | 0.1.1 | 50.75 | NOTE | |||
r-devel-linux-x86_64-fedora-gcc | 0.1.1 | 59.23 | NOTE | |||
r-devel-windows-x86_64 | 0.1.1 | 7.00 | 55.00 | 62.00 | OK | |
r-patched-linux-x86_64 | 0.1.1 | 2.14 | 36.30 | 38.44 | OK | |
r-release-linux-x86_64 | 0.1.1 | 2.25 | 36.22 | 38.47 | OK | |
r-release-macos-arm64 | 0.1.1 | 29.00 | OK | |||
r-release-macos-x86_64 | 0.1.1 | 45.00 | OK | |||
r-release-windows-x86_64 | 0.1.1 | 5.00 | 58.00 | 63.00 | OK | |
r-oldrel-macos-arm64 | 0.1.1 | 27.00 | OK | |||
r-oldrel-macos-x86_64 | 0.1.1 | 35.00 | NOTE | |||
r-oldrel-windows-x86_64 | 0.1.1 | 4.00 | 61.00 | 65.00 | OK |
Version: 0.1.1
Check: data for non-ASCII characters
Result: NOTE
Note: found 40 marked UTF-8 strings
Flavors: r-devel-linux-x86_64-fedora-clang, r-devel-linux-x86_64-fedora-gcc, r-oldrel-macos-x86_64