CRAN Package Check Results for Package tidyEmoji

Last updated on 2022-07-03 22:50:47 CEST.

Flavor Version Tinstall Tcheck Ttotal Status Flags
r-devel-linux-x86_64-debian-clang 0.1.0 4.52 113.82 118.34 OK
r-devel-linux-x86_64-debian-gcc 0.1.0 4.06 87.12 91.18 OK
r-devel-linux-x86_64-fedora-clang 0.1.0 160.20 NOTE
r-devel-linux-x86_64-fedora-gcc 0.1.0 146.53 NOTE
r-devel-windows-x86_64 0.1.0 20.00 139.00 159.00 OK
r-patched-linux-x86_64 0.1.0 4.92 108.70 113.62 OK
r-release-linux-x86_64 0.1.0 4.16 108.78 112.94 OK
r-release-macos-arm64 0.1.0 49.00 NOTE
r-release-macos-x86_64 0.1.0 82.00 NOTE
r-release-windows-x86_64 0.1.0 9.00 139.00 148.00 OK
r-oldrel-macos-arm64 0.1.0 45.00 NOTE
r-oldrel-macos-x86_64 0.1.0 63.00 NOTE
r-oldrel-windows-ix86+x86_64 0.1.0 14.00 145.00 159.00 OK

Check Details

Version: 0.1.0
Check: data for non-ASCII characters
Result: NOTE
     Note: found 4546 marked UTF-8 strings
Flavors: r-devel-linux-x86_64-fedora-clang, r-devel-linux-x86_64-fedora-gcc, r-release-macos-arm64, r-release-macos-x86_64, r-oldrel-macos-arm64, r-oldrel-macos-x86_64