CRAN Package Check Results for Package tidyLPA

Last updated on 2019-07-18 15:47:37 CEST.

Flavor Version Tinstall Tcheck Ttotal Status Flags
r-devel-linux-x86_64-debian-clang 1.0.2 7.46 112.58 120.04 OK
r-devel-linux-x86_64-debian-gcc 1.0.2 5.92 84.52 90.44 OK
r-devel-linux-x86_64-fedora-clang 1.0.2 135.51 NOTE
r-devel-linux-x86_64-fedora-gcc 1.0.2 129.68 NOTE
r-devel-windows-ix86+x86_64 1.0.2 20.00 184.00 204.00 OK
r-patched-linux-x86_64 1.0.2 6.38 110.25 116.63 OK
r-patched-solaris-x86 1.0.2 204.20 NOTE
r-release-linux-x86_64 1.0.2 7.73 110.22 117.95 OK
r-release-windows-ix86+x86_64 1.0.2 14.00 147.00 161.00 OK
r-release-osx-x86_64 1.0.2 NOTE
r-oldrel-windows-ix86+x86_64 1.0.2 10.00 196.00 206.00 OK
r-oldrel-osx-x86_64 1.0.2 NOTE

Check Details

Version: 1.0.2
Check: dependencies in R code
Result: NOTE
    Namespace in Imports field not imported from: ‘mix’
     All declared Imports should be used.
Flavors: r-devel-linux-x86_64-fedora-clang, r-devel-linux-x86_64-fedora-gcc, r-patched-solaris-x86, r-release-osx-x86_64, r-oldrel-osx-x86_64