CRAN Package Check Results for Package tidyLPA

Last updated on 2020-05-28 17:50:20 CEST.

Flavor Version Tinstall Tcheck Ttotal Status Flags
r-devel-linux-x86_64-debian-clang 1.0.7 9.95 126.77 136.72 OK
r-devel-linux-x86_64-debian-gcc 1.0.7 7.86 87.21 95.07 OK
r-devel-linux-x86_64-fedora-clang 1.0.7 169.38 NOTE
r-devel-linux-x86_64-fedora-gcc 1.0.7 151.54 NOTE
r-devel-windows-ix86+x86_64 1.0.7 31.00 203.00 234.00 OK
r-patched-linux-x86_64 1.0.7 8.88 117.42 126.30 OK
r-patched-solaris-x86 1.0.7 227.80 NOTE
r-release-linux-x86_64 1.0.7 10.68 117.56 128.24 OK
r-release-osx-x86_64 1.0.7 NOTE
r-release-windows-ix86+x86_64 1.0.7 25.00 237.00 262.00 OK
r-oldrel-osx-x86_64 1.0.7 NOTE
r-oldrel-windows-ix86+x86_64 1.0.7 17.00 143.00 160.00 OK

Check Details

Version: 1.0.7
Check: dependencies in R code
Result: NOTE
    Namespace in Imports field not imported from: ‘mix’
     All declared Imports should be used.
Flavors: r-devel-linux-x86_64-fedora-clang, r-devel-linux-x86_64-fedora-gcc, r-patched-solaris-x86, r-release-osx-x86_64, r-oldrel-osx-x86_64