CRAN Package Check Results for Package tidyLPA

Last updated on 2019-05-22 02:52:13 CEST.

Flavor Version Tinstall Tcheck Ttotal Status Flags
r-devel-linux-x86_64-debian-clang 1.0.2 6.74 111.51 118.25 OK
r-devel-linux-x86_64-debian-gcc 1.0.2 6.20 87.07 93.27 OK
r-devel-linux-x86_64-fedora-clang 1.0.2 147.21 NOTE
r-devel-linux-x86_64-fedora-gcc 1.0.2 136.48 NOTE
r-devel-windows-ix86+x86_64 1.0.2 16.00 191.00 207.00 OK
r-patched-linux-x86_64 1.0.2 6.95 108.97 115.92 OK
r-patched-solaris-x86 1.0.2 202.50 NOTE
r-release-linux-x86_64 1.0.2 7.87 108.52 116.39 OK
r-release-windows-ix86+x86_64 1.0.2 29.00 155.00 184.00 OK
r-release-osx-x86_64 1.0.2 NOTE
r-oldrel-windows-ix86+x86_64 1.0.2 9.00 134.00 143.00 OK
r-oldrel-osx-x86_64 1.0.2 NOTE

Check Details

Version: 1.0.2
Check: dependencies in R code
Result: NOTE
    Namespace in Imports field not imported from: ‘mix’
     All declared Imports should be used.
Flavors: r-devel-linux-x86_64-fedora-clang, r-devel-linux-x86_64-fedora-gcc, r-patched-solaris-x86, r-release-osx-x86_64, r-oldrel-osx-x86_64