CRAN Package Check Results for Package tidyMicro

Last updated on 2020-09-26 02:09:29 CEST.

Flavor Version Tinstall Tcheck Ttotal Status Flags
r-devel-linux-x86_64-debian-clang 1.47 17.03 309.40 326.43 OK
r-devel-linux-x86_64-debian-gcc 1.47 15.08 227.89 242.97 OK
r-devel-linux-x86_64-fedora-clang 1.47 444.01 NOTE
r-devel-linux-x86_64-fedora-gcc 1.47 377.58 NOTE
r-devel-windows-ix86+x86_64 1.47 37.00 375.00 412.00 OK
r-patched-linux-x86_64 1.47 13.56 290.35 303.91 OK
r-patched-solaris-x86 1.47 504.40 NOTE
r-release-linux-x86_64 1.47 13.52 288.73 302.25 OK
r-release-macos-x86_64 1.47 NOTE
r-release-windows-ix86+x86_64 1.47 31.00 277.00 308.00 OK
r-oldrel-macos-x86_64 1.47 NOTE
r-oldrel-windows-ix86+x86_64 1.47 32.00 349.00 381.00 OK

Check Details

Version: 1.47
Check: package dependencies
Result: NOTE
    Imports includes 30 non-default packages.
    Importing from so many packages makes the package vulnerable to any of
    them becoming unavailable. Move as many as possible to Suggests and
    use conditionally.
Flavor: r-devel-linux-x86_64-fedora-clang

Version: 1.47
Check: dependencies in R code
Result: NOTE
    Namespaces in Imports field not imported from:
     ‘Evomorph’ ‘cowplot’ ‘factoextra’ ‘gridExtra’ ‘lme4’ ‘lsr’ ‘plotly’
     ‘png’ ‘shapes’
     All declared Imports should be used.
Flavors: r-devel-linux-x86_64-fedora-clang, r-devel-linux-x86_64-fedora-gcc, r-patched-solaris-x86, r-release-macos-x86_64, r-oldrel-macos-x86_64