Last updated on 2023-12-04 23:59:45 CET.
Flavor | Version | Tinstall | Tcheck | Ttotal | Status | Flags |
---|---|---|---|---|---|---|
r-devel-linux-x86_64-debian-clang | 0.2.6 | 56.58 | 675.07 | 731.65 | OK | |
r-devel-linux-x86_64-debian-gcc | 0.2.6 | 47.94 | 471.99 | 519.93 | OK | |
r-devel-linux-x86_64-fedora-clang | 0.2.6 | 840.38 | OK | |||
r-devel-linux-x86_64-fedora-gcc | 0.2.6 | 866.88 | OK | |||
r-devel-windows-x86_64 | 0.2.6 | 44.00 | 438.00 | 482.00 | OK | |
r-patched-linux-x86_64 | 0.2.6 | 0.61 | 2.08 | 2.69 | ERROR | |
r-release-linux-x86_64 | 0.2.6 | 45.89 | 602.07 | 647.96 | OK | |
r-release-macos-arm64 | 0.2.6 | 187.00 | OK | |||
r-release-macos-x86_64 | 0.2.6 | 288.00 | OK | |||
r-release-windows-x86_64 | 0.2.6 | 58.00 | 552.00 | 610.00 | OK | |
r-oldrel-macos-arm64 | 0.2.6 | 211.00 | OK | |||
r-oldrel-macos-x86_64 | 0.2.5 | 364.00 | OK | |||
r-oldrel-windows-x86_64 | 0.2.6 | 56.00 | 555.00 | 611.00 | OK |
Version: 0.2.6
Check: package dependencies
Result: ERROR
Package required but not available: ‘blavaan’
See section ‘The DESCRIPTION file’ in the ‘Writing R Extensions’
manual.
Flavor: r-patched-linux-x86_64