CRAN Package Check Results for Package tidybins

Last updated on 2022-01-26 22:55:07 CET.

Flavor Version Tinstall Tcheck Ttotal Status Flags
r-devel-linux-x86_64-debian-clang 0.1.0 2.47 49.09 51.56 OK
r-devel-linux-x86_64-debian-gcc 0.1.0 2.14 37.25 39.39 OK
r-devel-linux-x86_64-fedora-clang 0.1.0 65.66 NOTE
r-devel-linux-x86_64-fedora-gcc 0.1.0 52.70 NOTE
r-devel-windows-x86_64-new-UL 0.1.0 35.00 70.00 105.00 OK
r-devel-windows-x86_64-new-TK 0.1.0 NOTE
r-patched-linux-x86_64 0.1.0 2.88 43.70 46.58 OK
r-release-linux-x86_64 0.1.0 1.91 43.91 45.82 OK
r-release-macos-arm64 0.1.0 NOTE
r-release-macos-x86_64 0.1.0 NOTE
r-release-windows-ix86+x86_64 0.1.0 8.00 63.00 71.00 OK
r-oldrel-macos-x86_64 0.1.0 NOTE
r-oldrel-windows-ix86+x86_64 0.1.0 8.00 60.00 68.00 OK

Check Details

Version: 0.1.0
Check: dependencies in R code
Result: NOTE
    Namespaces in Imports field not imported from:
     ‘badger’ ‘ggplot2’ ‘lubridate’ ‘scales’ ‘xgboost’
     All declared Imports should be used.
Flavors: r-devel-linux-x86_64-fedora-clang, r-devel-linux-x86_64-fedora-gcc, r-devel-windows-x86_64-new-TK, r-release-macos-arm64, r-release-macos-x86_64, r-oldrel-macos-x86_64