CRAN Package Check Results for Package tidyboot

Last updated on 2022-05-29 03:52:23 CEST.

Flavor Version Tinstall Tcheck Ttotal Status Flags
r-devel-linux-x86_64-debian-clang 0.1.1 4.44 103.22 107.66 NOTE
r-devel-linux-x86_64-debian-gcc 0.1.1 4.22 76.01 80.23 NOTE
r-devel-linux-x86_64-fedora-clang 0.1.1 123.09 NOTE
r-devel-linux-x86_64-fedora-gcc 0.1.1 112.00 NOTE
r-devel-windows-x86_64 0.1.1 11.00 118.00 129.00 NOTE
r-patched-linux-x86_64 0.1.1 5.16 95.84 101.00 NOTE
r-release-linux-x86_64 0.1.1 3.65 96.70 100.35 NOTE
r-release-macos-arm64 0.1.1 30.00 NOTE
r-release-macos-x86_64 0.1.1 57.00 NOTE
r-release-windows-x86_64 0.1.1 12.00 119.00 131.00 NOTE
r-oldrel-macos-arm64 0.1.1 32.00 NOTE
r-oldrel-macos-x86_64 0.1.1 51.00 NOTE
r-oldrel-windows-ix86+x86_64 0.1.1 14.00 128.00 142.00 NOTE

Check Details

Version: 0.1.1
Check: LazyData
Result: NOTE
     'LazyData' is specified without a 'data' directory
Flavors: r-devel-linux-x86_64-debian-clang, r-devel-linux-x86_64-debian-gcc, r-devel-linux-x86_64-fedora-clang, r-devel-linux-x86_64-fedora-gcc, r-devel-windows-x86_64, r-patched-linux-x86_64, r-release-linux-x86_64, r-release-macos-arm64, r-release-macos-x86_64, r-release-windows-x86_64, r-oldrel-macos-arm64, r-oldrel-macos-x86_64, r-oldrel-windows-ix86+x86_64