CRAN Package Check Results for Package tidycharts

Last updated on 2021-10-22 04:55:06 CEST.

Flavor Version Tinstall Tcheck Ttotal Status Flags
r-devel-linux-x86_64-debian-clang 0.1.2 4.79 58.84 63.63 OK
r-devel-linux-x86_64-debian-gcc 0.1.2 4.93 45.71 50.64 OK
r-devel-linux-x86_64-fedora-clang 0.1.2 88.93 NOTE
r-devel-linux-x86_64-fedora-gcc 0.1.2 77.79 NOTE
r-devel-windows-x86_64 0.1.2 10.00 72.00 82.00 OK
r-devel-windows-x86_64-gcc10-UCRT 0.1.2 NOTE
r-patched-linux-x86_64 0.1.2 6.04 61.08 67.12 OK
r-release-linux-x86_64 0.1.2 4.50 60.86 65.36 OK
r-release-macos-arm64 0.1.2 NOTE
r-release-macos-x86_64 0.1.2 NOTE
r-release-windows-ix86+x86_64 0.1.2 11.00 88.00 99.00 OK
r-oldrel-macos-x86_64 0.1.2 NOTE
r-oldrel-windows-ix86+x86_64 0.1.2 11.00 87.00 98.00 OK

Check Details

Version: 0.1.2
Check: dependencies in R code
Result: NOTE
    Namespaces in Imports field not imported from:
     ‘dplyr’ ‘rsvg’
     All declared Imports should be used.
Flavors: r-devel-linux-x86_64-fedora-clang, r-devel-linux-x86_64-fedora-gcc, r-devel-windows-x86_64-gcc10-UCRT, r-release-macos-arm64, r-release-macos-x86_64, r-oldrel-macos-x86_64