CRAN Package Check Results for Package tidycode

Last updated on 2024-07-24 19:54:18 CEST.

Flavor Version Tinstall Tcheck Ttotal Status Flags
r-devel-linux-x86_64-debian-clang 0.1.1 3.37 44.20 47.57 NOTE
r-devel-linux-x86_64-debian-gcc 0.1.1 2.39 33.15 35.54 NOTE
r-devel-linux-x86_64-fedora-clang 0.1.1 62.65 NOTE
r-devel-linux-x86_64-fedora-gcc 0.1.1 72.39 NOTE
r-devel-windows-x86_64 0.1.1 7.00 57.00 64.00 NOTE
r-patched-linux-x86_64 0.1.1 3.67 43.45 47.12 NOTE
r-release-linux-x86_64 0.1.1 2.24 42.77 45.01 NOTE
r-release-macos-arm64 0.1.1 27.00 NOTE
r-release-macos-x86_64 0.1.1 42.00 NOTE
r-release-windows-x86_64 0.1.1 5.00 56.00 61.00 NOTE
r-oldrel-macos-arm64 0.1.1 28.00 NOTE
r-oldrel-macos-x86_64 0.1.1 41.00 NOTE
r-oldrel-windows-x86_64 0.1.1 6.00 65.00 71.00 NOTE

Check Details

Version: 0.1.1
Check: LazyData
Result: NOTE 'LazyData' is specified without a 'data' directory Flavors: r-devel-linux-x86_64-debian-clang, r-devel-linux-x86_64-debian-gcc, r-devel-linux-x86_64-fedora-clang, r-devel-linux-x86_64-fedora-gcc, r-devel-windows-x86_64, r-patched-linux-x86_64, r-release-linux-x86_64, r-release-macos-arm64, r-release-macos-x86_64, r-release-windows-x86_64, r-oldrel-macos-arm64, r-oldrel-macos-x86_64, r-oldrel-windows-x86_64