CRAN Package Check Results for Package tidycode

Last updated on 2021-04-15 03:49:41 CEST.

Flavor Version Tinstall Tcheck Ttotal Status Flags
r-devel-linux-x86_64-debian-clang 0.1.1 2.26 34.84 37.10 NOTE
r-devel-linux-x86_64-debian-gcc 0.1.1 2.17 27.31 29.48 NOTE
r-devel-linux-x86_64-fedora-clang 0.1.1 55.09 NOTE
r-devel-linux-x86_64-fedora-gcc 0.1.1 45.69 NOTE
r-devel-windows-ix86+x86_64 0.1.1 8.00 43.00 51.00 NOTE
r-devel-windows-x86_64-gcc10-UCRT 0.1.1 NOTE
r-patched-linux-x86_64 0.1.1 2.68 34.25 36.93 OK
r-patched-solaris-x86 0.1.1 71.50 OK
r-release-linux-x86_64 0.1.1 2.63 34.30 36.93 OK
r-release-macos-x86_64 0.1.1 OK
r-release-windows-ix86+x86_64 0.1.1 27.00 57.00 84.00 OK
r-oldrel-macos-x86_64 0.1.1 OK
r-oldrel-windows-ix86+x86_64 0.1.1 4.00 41.00 45.00 OK

Check Details

Version: 0.1.1
Check: LazyData
Result: NOTE
     'LazyData' is specified without a 'data' directory
Flavors: r-devel-linux-x86_64-debian-clang, r-devel-linux-x86_64-debian-gcc, r-devel-linux-x86_64-fedora-clang, r-devel-linux-x86_64-fedora-gcc, r-devel-windows-ix86+x86_64, r-devel-windows-x86_64-gcc10-UCRT