CRAN Package Check Results for Package tidycomm

Last updated on 2020-07-13 13:49:04 CEST.

Flavor Version Tinstall Tcheck Ttotal Status Flags
r-devel-linux-x86_64-debian-clang 0.1.0 3.95 67.89 71.84 OK
r-devel-linux-x86_64-debian-gcc 0.1.0 3.49 52.31 55.80 OK
r-devel-linux-x86_64-fedora-clang 0.1.0 96.51 OK
r-devel-linux-x86_64-fedora-gcc 0.1.0 89.58 OK
r-devel-windows-ix86+x86_64 0.1.0 10.00 97.00 107.00 OK
r-patched-linux-x86_64 0.1.0 4.14 66.21 70.35 OK
r-patched-solaris-x86 0.1.0 116.40 OK
r-release-linux-x86_64 0.1.0 4.24 67.66 71.90 OK
r-release-macos-x86_64 0.1.0 ERROR
r-release-windows-ix86+x86_64 0.1.0 14.00 123.00 137.00 OK
r-oldrel-macos-x86_64 0.1.0 OK
r-oldrel-windows-ix86+x86_64 0.1.0 9.00 83.00 92.00 OK

Check Details

Version: 0.1.0
Check: whether package can be installed
Result: ERROR
    Installation failed.
Flavor: r-release-macos-x86_64