CRAN Package Check Results for Package tidyft

Last updated on 2021-05-15 20:50:45 CEST.

Flavor Version Tinstall Tcheck Ttotal Status Flags
r-devel-linux-x86_64-debian-clang 0.4.5 4.17 52.95 57.12 NOTE
r-devel-linux-x86_64-debian-gcc 0.4.5 3.85 40.19 44.04 NOTE
r-devel-linux-x86_64-fedora-clang 0.4.5 77.23 NOTE
r-devel-linux-x86_64-fedora-gcc 0.4.5 62.31 NOTE
r-devel-windows-ix86+x86_64 0.4.5 10.00 55.00 65.00 NOTE
r-devel-windows-x86_64-gcc10-UCRT 0.4.5 NOTE
r-patched-linux-x86_64 0.4.5 5.41 49.38 54.79 NOTE
r-patched-solaris-x86 0.4.5 89.30 WARN
r-release-linux-x86_64 0.4.5 4.35 46.87 51.22 OK
r-release-macos-x86_64 0.4.5 WARN
r-release-windows-ix86+x86_64 0.4.5 8.00 88.00 96.00 OK
r-oldrel-macos-x86_64 0.4.5 WARN
r-oldrel-windows-ix86+x86_64 0.4.5 7.00 68.00 75.00 OK

Check Details

Version: 0.4.5
Check: LazyData
Result: NOTE
     'LazyData' is specified without a 'data' directory
Flavors: r-devel-linux-x86_64-debian-clang, r-devel-linux-x86_64-debian-gcc, r-devel-linux-x86_64-fedora-clang, r-devel-linux-x86_64-fedora-gcc, r-devel-windows-ix86+x86_64, r-devel-windows-x86_64-gcc10-UCRT, r-patched-linux-x86_64, r-patched-solaris-x86

Version: 0.4.5
Check: Rd cross-references
Result: NOTE
    Undeclared packages ‘tidyfst’, ‘tidyr’, ‘fastDummies’ in Rd xrefs
Flavor: r-devel-linux-x86_64-fedora-clang

Version: 0.4.5
Check: re-building of vignette outputs
Result: WARN
    Error(s) in re-building vignettes:
     ...
    --- re-building ‘Introduction.Rmd’ using rmarkdown
    Warning in engine$weave(file, quiet = quiet, encoding = enc) :
     Pandoc (>= 1.12.3) not available. Falling back to R Markdown v1.
    
     *** caught segfault ***
    address 75636900, cause 'memory not mapped'
    
     *** caught segfault ***
    address 17c3b4f0, cause 'memory not mapped'
    Warning: stack imbalance in 'lazyLoadDBfetch', 170 then 171
    Warning: stack imbalance in 'lazyLoadDBfetch', 172 then 171
    Warning: stack imbalance in '[[', 180 then 179
    Warning: stack imbalance in 'lapply', 170 then 171
    
    Traceback:
     1: fstretrieve(file_name, columns, from, to)
     2: read_fst(meta_info$path, j)
     3: `[.fst_table`(ft, logical_vec)
     4: ft[logical_vec]
     5: setDT(ft[logical_vec])
     6: select_fst(., Species, Sepal.Length, Sepal.Width)
     7: is.data.frame(x)
     8: setnames(.data, old = old_names, new = new_names)
     9: rename(., group = Species, sl = Sepal.Length, sw = Sepal.Width)
    10: is.data.frame(x)
    11: setorder(.data, ...)
    12: arrange(., group, sl)
    13: eval(parse(text = str_glue(".data[{dot_string}]")))
    14: eval(parse(text = str_glue(".data[{dot_string}]")))
    15:
Flavor: r-patched-solaris-x86

Version: 0.4.5
Check: re-building of vignette outputs
Result: WARN
    Error(s) in re-building vignettes:
     ...
    --- re-building ‘Introduction.Rmd’ using rmarkdown
    Warning in engine$weave(file, quiet = quiet, encoding = enc) :
     Pandoc (>= 1.12.3) and/or pandoc-citeproc not available. Falling back to R Markdown v1.
    Quitting from lines 113-154 (Introduction.Rmd)
    Error: processing vignette 'Introduction.Rmd' failed with diagnostics:
    cannot open the connection
    --- failed re-building ‘Introduction.Rmd’
    
    SUMMARY: processing the following file failed:
     ‘Introduction.Rmd’
    
    Error: Vignette re-building failed.
    Execution halted
Flavors: r-release-macos-x86_64, r-oldrel-macos-x86_64