CRAN Package Check Results for Package tidygapminder

Last updated on 2020-07-12 15:49:16 CEST.

Flavor Version Tinstall Tcheck Ttotal Status Flags
r-devel-linux-x86_64-debian-clang 0.1.1 1.70 28.77 30.47 OK
r-devel-linux-x86_64-debian-gcc 0.1.1 1.67 22.62 24.29 OK
r-devel-linux-x86_64-fedora-clang 0.1.1 45.55 NOTE
r-devel-linux-x86_64-fedora-gcc 0.1.1 36.88 NOTE
r-devel-windows-ix86+x86_64 0.1.1 7.00 59.00 66.00 OK
r-patched-linux-x86_64 0.1.1 1.86 28.39 30.25 OK
r-patched-solaris-x86 0.1.1 56.90 NOTE
r-release-linux-x86_64 0.1.1 1.79 28.42 30.21 OK
r-release-macos-x86_64 0.1.1 NOTE
r-release-windows-ix86+x86_64 0.1.1 9.00 41.00 50.00 OK
r-oldrel-macos-x86_64 0.1.1 NOTE
r-oldrel-windows-ix86+x86_64 0.1.1 8.00 43.00 51.00 OK

Check Details

Version: 0.1.1
Check: dependencies in R code
Result: NOTE
    Namespace in Imports field not imported from: ‘dplyr’
     All declared Imports should be used.
Flavors: r-devel-linux-x86_64-fedora-clang, r-devel-linux-x86_64-fedora-gcc, r-patched-solaris-x86, r-release-macos-x86_64, r-oldrel-macos-x86_64