CRAN Package Check Results for Package tidygenomics

Last updated on 2024-02-21 10:10:14 CET.

Flavor Version Tinstall Tcheck Ttotal Status Flags
r-devel-linux-x86_64-debian-clang 0.1.2 NOTE
r-devel-linux-x86_64-debian-gcc 0.1.2 17.25 54.19 71.44 NOTE
r-devel-linux-x86_64-fedora-clang 0.1.2 126.96 NOTE
r-devel-linux-x86_64-fedora-gcc 0.1.2 130.83 NOTE
r-devel-windows-x86_64 0.1.2 21.00 90.00 111.00 NOTE
r-patched-linux-x86_64 0.1.2 21.56 69.01 90.57 NOTE
r-release-linux-x86_64 0.1.2 16.47 69.32 85.79 NOTE
r-release-macos-arm64 0.1.2 44.00 NOTE
r-release-macos-x86_64 0.1.2 67.00 NOTE
r-release-windows-x86_64 0.1.2 26.00 107.00 133.00 NOTE
r-oldrel-macos-arm64 0.1.2 39.00 NOTE
r-oldrel-windows-x86_64 0.1.2 25.00 104.00 129.00 NOTE

Check Details

Version: 0.1.2
Check: package subdirectories
Result: NOTE Problems with news in ‘NEWS.md’: Cannot extract version info from the following section titles: Initial Release (v0.1.0) Flavors: r-devel-linux-x86_64-debian-clang, r-devel-linux-x86_64-debian-gcc, r-devel-linux-x86_64-fedora-clang, r-devel-linux-x86_64-fedora-gcc, r-devel-windows-x86_64, r-patched-linux-x86_64, r-release-linux-x86_64, r-release-macos-arm64, r-release-macos-x86_64, r-release-windows-x86_64

Version: 0.1.2
Check: LazyData
Result: NOTE 'LazyData' is specified without a 'data' directory Flavors: r-devel-linux-x86_64-debian-clang, r-devel-linux-x86_64-debian-gcc, r-devel-linux-x86_64-fedora-clang, r-devel-linux-x86_64-fedora-gcc, r-devel-windows-x86_64, r-patched-linux-x86_64, r-release-linux-x86_64, r-release-macos-arm64, r-release-macos-x86_64, r-release-windows-x86_64, r-oldrel-macos-arm64, r-oldrel-windows-x86_64