CRAN Package Check Results for Package tidygeocoder

Last updated on 2020-07-16 19:47:37 CEST.

Flavor Version Tinstall Tcheck Ttotal Status Flags
r-devel-linux-x86_64-debian-clang 0.2.5 6.30 69.99 76.29 OK
r-devel-linux-x86_64-debian-gcc 1.0.0 2.20 23.28 25.48 OK
r-devel-linux-x86_64-fedora-clang 1.0.0 49.84 NOTE
r-devel-linux-x86_64-fedora-gcc 1.0.0 39.23 NOTE
r-devel-windows-ix86+x86_64 0.2.5 18.00 101.00 119.00 OK
r-patched-linux-x86_64 0.2.5 5.66 66.19 71.85 OK
r-patched-solaris-x86 1.0.0 55.80 WARN
r-release-linux-x86_64 1.0.0 2.79 29.67 32.46 OK
r-release-windows-ix86+x86_64 1.0.0 6.00 60.00 66.00 OK
r-oldrel-macos-x86_64 1.0.0 ERROR
r-oldrel-windows-ix86+x86_64 0.2.5 20.00 130.00 150.00 OK

Check Details

Version: 1.0.0
Check: data for non-ASCII characters
Result: NOTE
     Note: found 2 marked UTF-8 strings
Flavors: r-devel-linux-x86_64-fedora-clang, r-devel-linux-x86_64-fedora-gcc, r-patched-solaris-x86

Version: 1.0.0
Check: re-building of vignette outputs
Result: WARN
    Error(s) in re-building vignettes:
     ...
    --- re-building ‘tidygeocoder.Rmd’ using rmarkdown
    Warning in engine$weave(file, quiet = quiet, encoding = enc) :
     Pandoc (>= 1.12.3) and/or pandoc-citeproc not available. Falling back to R Markdown v1.
    
    Attaching package: 'dplyr'
    
    The following objects are masked from 'package:stats':
    
     filter, lag
    
    The following objects are masked from 'package:base':
    
     intersect, setdiff, setequal, union
    
    Quitting from lines 147-152 (tidygeocoder.Rmd)
    Error: processing vignette 'tidygeocoder.Rmd' failed with diagnostics:
    there is no package called 'webshot'
    --- failed re-building ‘tidygeocoder.Rmd’
    
    SUMMARY: processing the following file failed:
     ‘tidygeocoder.Rmd’
    
    Error: Vignette re-building failed.
    Execution halted
Flavor: r-patched-solaris-x86

Version: 1.0.0
Check: whether package can be installed
Result: ERROR
    Installation failed.
Flavor: r-oldrel-macos-x86_64