CRAN Package Check Results for Package tidygeocoder

Last updated on 2019-12-10 22:49:51 CET.

Flavor Version Tinstall Tcheck Ttotal Status Flags
r-devel-linux-x86_64-debian-clang 0.2.4 13.83 116.45 130.28 OK
r-devel-linux-x86_64-debian-gcc 0.2.4 11.50 89.19 100.69 OK
r-devel-linux-x86_64-fedora-clang 0.2.4 153.85 OK
r-devel-linux-x86_64-fedora-gcc 0.2.4 149.28 OK
r-devel-windows-ix86+x86_64 0.2.4 26.00 178.00 204.00 OK
r-devel-windows-ix86+x86_64-gcc8 0.2.4 38.00 140.00 178.00 OK
r-patched-linux-x86_64 0.2.4 11.76 103.00 114.76 OK
r-patched-solaris-x86 0.2.4 223.90 OK
r-release-linux-x86_64 0.2.4 10.50 104.16 114.66 OK
r-release-windows-ix86+x86_64 0.2.4 23.00 120.00 143.00 OK
r-release-osx-x86_64 0.2.4 OK
r-oldrel-windows-ix86+x86_64 0.2.4 13.00 120.00 133.00 WARN
r-oldrel-osx-x86_64 0.2.4 WARN

Check Details

Version: 0.2.4
Check: re-building of vignette outputs
Result: WARN
    Error in re-building vignettes:
     ...
    
    Attaching package: 'dplyr'
    
    The following objects are masked from 'package:stats':
    
     filter, lag
    
    The following objects are masked from 'package:base':
    
     intersect, setdiff, setequal, union
    
    Loading required package: ggplot2
    Loading required package: maps
    Loading required package: ggrepel
    Quitting from lines 62-64 (tidygeocoder.Rmd)
    Error: processing vignette 'tidygeocoder.Rmd' failed with diagnostics:
    cannot open URL 'http://nominatim.openstreetmap.org/search?q=Fake+Address&format=xml&polygon=0&addressdetails=0'
    Execution halted
Flavor: r-oldrel-windows-ix86+x86_64

Version: 0.2.4
Check: re-building of vignette outputs
Result: WARN
    Error in re-building vignettes:
     ...
    Warning in engine$weave(file, quiet = quiet, encoding = enc) :
     Pandoc (>= 1.12.3) and/or pandoc-citeproc not available. Falling back to R Markdown v1.
    
    Attaching package: 'dplyr'
    
    The following objects are masked from 'package:stats':
    
     filter, lag
    
    The following objects are masked from 'package:base':
    
     intersect, setdiff, setequal, union
    
    Loading required package: ggplot2
    Loading required package: maps
    Loading required package: ggrepel
    Warning in FUN(X[[i]], ...) : No results found for "Fake Address".
    Quitting from lines 62-64 (tidygeocoder.Rmd)
    Error: processing vignette 'tidygeocoder.Rmd' failed with diagnostics:
    cannot open URL 'http://nominatim.openstreetmap.org/search?q=Nairobi,+Kenya&format=xml&polygon=0&addressdetails=0'
    Execution halted
Flavor: r-oldrel-osx-x86_64