CRAN Package Check Results for Package tidygraph

Last updated on 2019-05-19 18:50:40 CEST.

Flavor Version Tinstall Tcheck Ttotal Status Flags
r-devel-linux-x86_64-debian-clang 1.1.2 23.46 64.80 88.26 OK
r-devel-linux-x86_64-debian-gcc 1.1.2 19.14 49.59 68.73 OK
r-devel-linux-x86_64-fedora-clang 1.1.2 114.43 OK
r-devel-linux-x86_64-fedora-gcc 1.1.2 109.38 OK
r-devel-windows-ix86+x86_64 1.1.2 59.00 163.00 222.00 OK
r-patched-linux-x86_64 1.1.2 21.45 63.38 84.83 OK
r-patched-solaris-x86 1.1.2 139.40 OK
r-release-linux-x86_64 1.1.2 21.38 62.84 84.22 OK
r-release-windows-ix86+x86_64 1.1.2 65.00 169.00 234.00 OK
r-release-osx-x86_64 1.1.2 NOTE
r-oldrel-windows-ix86+x86_64 1.1.2 49.00 139.00 188.00 OK
r-oldrel-osx-x86_64 1.1.2 OK

Check Details

Version: 1.1.2
Check: package dependencies
Result: NOTE
    Package suggested but not available for checking: ‘graph’
Flavor: r-release-osx-x86_64