CRAN Package Check Results for Package tidygraph

Last updated on 2019-12-08 10:48:30 CET.

Flavor Version Tinstall Tcheck Ttotal Status Flags
r-devel-linux-x86_64-debian-clang 1.1.2 26.32 71.76 98.08 OK
r-devel-linux-x86_64-debian-gcc 1.1.2 19.21 54.41 73.62 OK
r-devel-linux-x86_64-fedora-clang 1.1.2 121.69 OK
r-devel-linux-x86_64-fedora-gcc 1.1.2 117.01 OK
r-devel-windows-ix86+x86_64 1.1.2 48.00 172.00 220.00 OK
r-devel-windows-ix86+x86_64-gcc8 1.1.2 54.00 134.00 188.00 OK
r-patched-linux-x86_64 1.1.2 20.32 64.03 84.35 OK
r-patched-solaris-x86 1.1.2 138.50 OK
r-release-linux-x86_64 1.1.2 20.76 64.23 84.99 OK
r-release-windows-ix86+x86_64 1.1.2 43.00 121.00 164.00 OK
r-release-osx-x86_64 1.1.2 NOTE
r-oldrel-windows-ix86+x86_64 1.1.2 32.00 110.00 142.00 OK
r-oldrel-osx-x86_64 1.1.2 OK

Check Details

Version: 1.1.2
Check: package dependencies
Result: NOTE
    Package suggested but not available for checking: ‘graph’
Flavor: r-release-osx-x86_64