CRAN Package Check Results for Package tidygraph

Last updated on 2019-10-23 17:50:14 CEST.

Flavor Version Tinstall Tcheck Ttotal Status Flags
r-devel-linux-x86_64-debian-clang 1.1.2 25.08 63.92 89.00 OK
r-devel-linux-x86_64-debian-gcc 1.1.2 18.40 50.03 68.43 OK
r-devel-linux-x86_64-fedora-clang 1.1.2 112.42 OK
r-devel-linux-x86_64-fedora-gcc 1.1.2 106.19 OK
r-devel-windows-ix86+x86_64 1.1.2 42.00 156.00 198.00 OK
r-patched-linux-x86_64 1.1.2 18.92 61.94 80.86 OK
r-patched-solaris-x86 1.1.2 140.40 OK
r-release-linux-x86_64 1.1.2 20.86 63.12 83.98 OK
r-release-windows-ix86+x86_64 1.1.2 60.00 166.00 226.00 OK
r-release-osx-x86_64 1.1.2 NOTE
r-oldrel-windows-ix86+x86_64 1.1.2 54.00 149.00 203.00 OK
r-oldrel-osx-x86_64 1.1.2 OK

Check Details

Version: 1.1.2
Check: package dependencies
Result: NOTE
    Package suggested but not available for checking: ‘graph’
Flavor: r-release-osx-x86_64