CRAN Package Check Results for Package tidygraph

Last updated on 2019-07-20 11:47:33 CEST.

Flavor Version Tinstall Tcheck Ttotal Status Flags
r-devel-linux-x86_64-debian-clang 1.1.2 22.23 64.48 86.71 OK
r-devel-linux-x86_64-debian-gcc 1.1.2 18.32 50.04 68.36 OK
r-devel-linux-x86_64-fedora-clang 1.1.2 115.42 OK
r-devel-linux-x86_64-fedora-gcc 1.1.2 100.91 OK
r-devel-windows-ix86+x86_64 1.1.2 55.00 117.00 172.00 OK
r-patched-linux-x86_64 1.1.2 19.96 61.68 81.64 OK
r-patched-solaris-x86 1.1.2 146.70 OK
r-release-linux-x86_64 1.1.2 20.93 63.11 84.04 OK
r-release-windows-ix86+x86_64 1.1.2 41.00 121.00 162.00 OK
r-release-osx-x86_64 1.1.2 NOTE
r-oldrel-windows-ix86+x86_64 1.1.2 36.00 158.00 194.00 OK
r-oldrel-osx-x86_64 1.1.2 OK

Check Details

Version: 1.1.2
Check: package dependencies
Result: NOTE
    Package suggested but not available for checking: ‘graph’
Flavor: r-release-osx-x86_64