CRAN Package Check Results for Package tidygraph

Last updated on 2022-01-20 13:50:25 CET.

Flavor Version Tinstall Tcheck Ttotal Status Flags
r-devel-linux-x86_64-debian-clang 1.2.0 NOTE
r-devel-linux-x86_64-debian-gcc 1.2.0 19.60 75.63 95.23 NOTE
r-devel-linux-x86_64-fedora-clang 1.2.0 166.42 NOTE
r-devel-linux-x86_64-fedora-gcc 1.2.0 142.05 NOTE
r-devel-windows-x86_64-new-UL 1.2.0 166.00 141.00 307.00 NOTE
r-devel-windows-x86_64-new-TK 1.2.0 NOTE
r-patched-linux-x86_64 1.2.0 22.25 96.20 118.45 NOTE
r-release-linux-x86_64 1.2.0 23.12 93.65 116.77 NOTE
r-release-macos-arm64 1.2.0 NOTE
r-release-macos-x86_64 1.2.0 NOTE
r-release-windows-ix86+x86_64 1.2.0 62.00 182.00 244.00 NOTE
r-oldrel-macos-x86_64 1.2.0 OK
r-oldrel-windows-ix86+x86_64 1.2.0 63.00 189.00 252.00 OK

Check Details

Version: 1.2.0
Check: LazyData
Result: NOTE
     'LazyData' is specified without a 'data' directory
Flavors: r-devel-linux-x86_64-debian-clang, r-devel-linux-x86_64-debian-gcc, r-devel-linux-x86_64-fedora-clang, r-devel-linux-x86_64-fedora-gcc, r-devel-windows-x86_64-new-UL, r-devel-windows-x86_64-new-TK, r-patched-linux-x86_64, r-release-linux-x86_64, r-release-macos-arm64, r-release-macos-x86_64, r-release-windows-ix86+x86_64