CRAN Package Check Results for Package tidygraph

Last updated on 2020-07-15 10:08:28 CEST.

Flavor Version Tinstall Tcheck Ttotal Status Flags
r-devel-linux-x86_64-debian-clang 1.2.0 28.84 76.21 105.05 OK
r-devel-linux-x86_64-debian-gcc 1.2.0 20.63 59.68 80.31 OK
r-devel-linux-x86_64-fedora-clang 1.2.0 136.61 OK
r-devel-linux-x86_64-fedora-gcc 1.2.0 128.61 OK
r-devel-windows-ix86+x86_64 1.2.0 60.00 137.00 197.00 OK
r-patched-linux-x86_64 1.2.0 23.00 73.37 96.37 OK
r-patched-solaris-x86 1.2.0 161.80 OK
r-release-linux-x86_64 1.2.0 21.98 74.29 96.27 OK
r-release-macos-x86_64 1.2.0 ERROR
r-release-windows-ix86+x86_64 1.2.0 68.00 186.00 254.00 OK
r-oldrel-macos-x86_64 1.2.0 OK
r-oldrel-windows-ix86+x86_64 1.2.0 63.00 165.00 228.00 OK

Check Details

Version: 1.2.0
Check: whether package can be installed
Result: ERROR
    Installation failed.
Flavor: r-release-macos-x86_64