Last updated on 2022-06-25 03:51:11 CEST.
Flavor | Version | Tinstall | Tcheck | Ttotal | Status | Flags |
---|---|---|---|---|---|---|
r-devel-linux-x86_64-debian-clang | 0.5.5 | 7.54 | 135.74 | 143.28 | OK | |
r-devel-linux-x86_64-debian-gcc | 0.5.5 | 7.65 | 100.75 | 108.40 | OK | |
r-devel-linux-x86_64-fedora-clang | 0.5.5 | 185.15 | NOTE | |||
r-devel-linux-x86_64-fedora-gcc | 0.5.5 | 173.91 | NOTE | |||
r-devel-windows-x86_64 | 0.5.5 | 72.00 | 171.00 | 243.00 | OK | |
r-patched-linux-x86_64 | 0.5.5 | 10.23 | 130.09 | 140.32 | OK | |
r-release-linux-x86_64 | 0.5.5 | 7.62 | 127.67 | 135.29 | OK | |
r-release-macos-arm64 | 0.5.5 | 65.00 | NOTE | |||
r-release-macos-x86_64 | 0.5.5 | 130.00 | NOTE | |||
r-release-windows-x86_64 | 0.5.5 | 257.00 | 175.00 | 432.00 | OK | |
r-oldrel-macos-arm64 | 0.5.5 | 61.00 | NOTE | |||
r-oldrel-macos-x86_64 | 0.5.5 | 90.00 | NOTE | |||
r-oldrel-windows-ix86+x86_64 | 0.5.5 | 20.00 | 168.00 | 188.00 | OK |
Version: 0.5.5
Check: data for non-ASCII characters
Result: NOTE
Note: found 122 marked UTF-8 strings
Flavors: r-devel-linux-x86_64-fedora-clang, r-devel-linux-x86_64-fedora-gcc, r-release-macos-arm64, r-release-macos-x86_64, r-oldrel-macos-arm64, r-oldrel-macos-x86_64