CRAN Package Check Results for Package tidyhydat

Last updated on 2024-02-23 05:07:34 CET.

Flavor Version Tinstall Tcheck Ttotal Status Flags
r-devel-linux-x86_64-debian-clang 0.6.1 OK
r-devel-linux-x86_64-debian-gcc 0.6.1 6.26 93.89 100.15 OK
r-devel-linux-x86_64-fedora-clang 0.6.1 159.86 NOTE
r-devel-linux-x86_64-fedora-gcc 0.6.1 166.94 NOTE
r-devel-windows-x86_64 0.6.1 9.00 122.00 131.00 OK
r-patched-linux-x86_64 0.6.1 6.47 119.75 126.22 OK
r-release-linux-x86_64 0.6.1 5.94 120.79 126.73 OK
r-release-macos-arm64 0.6.1 79.00 OK
r-release-macos-x86_64 0.6.1 129.00 OK
r-release-windows-x86_64 0.6.1 11.00 147.00 158.00 OK
r-oldrel-macos-arm64 0.6.1 63.00 OK
r-oldrel-windows-x86_64 0.6.1 11.00 136.00 147.00 OK

Check Details

Version: 0.6.1
Check: data for non-ASCII characters
Result: NOTE Note: found 60 marked UTF-8 strings Flavors: r-devel-linux-x86_64-fedora-clang, r-devel-linux-x86_64-fedora-gcc