CRAN Package Check Results for Package tidyhydat

Last updated on 2021-10-22 11:57:33 CEST.

Flavor Version Tinstall Tcheck Ttotal Status Flags
r-devel-linux-x86_64-debian-clang 0.5.4 8.29 116.85 125.14 OK
r-devel-linux-x86_64-debian-gcc 0.5.4 6.47 86.74 93.21 OK
r-devel-linux-x86_64-fedora-clang 0.5.4 155.77 NOTE
r-devel-linux-x86_64-fedora-gcc 0.5.4 141.89 NOTE
r-devel-windows-x86_64 0.5.4 14.00 132.00 146.00 OK
r-devel-windows-x86_64-gcc10-UCRT 0.5.4 NOTE
r-patched-linux-x86_64 0.5.4 8.27 110.32 118.59 OK
r-patched-solaris-x86 0.5.4 182.70 NOTE
r-release-linux-x86_64 0.5.4 5.75 109.91 115.66 OK
r-release-macos-arm64 0.5.4 NOTE
r-release-macos-x86_64 0.5.4 NOTE
r-release-windows-ix86+x86_64 0.5.4 26.00 152.00 178.00 OK
r-oldrel-macos-x86_64 0.5.4 NOTE
r-oldrel-windows-ix86+x86_64 0.5.4 18.00 154.00 172.00 OK

Check Details

Version: 0.5.4
Check: data for non-ASCII characters
Result: NOTE
     Note: found 122 marked UTF-8 strings
Flavors: r-devel-linux-x86_64-fedora-clang, r-devel-linux-x86_64-fedora-gcc, r-devel-windows-x86_64-gcc10-UCRT, r-patched-solaris-x86, r-release-macos-arm64, r-release-macos-x86_64, r-oldrel-macos-x86_64