Last updated on 2019-12-06 14:47:11 CET.
Flavor | Version | Tinstall | Tcheck | Ttotal | Status | Flags |
---|---|---|---|---|---|---|
r-devel-linux-x86_64-debian-clang | 0.1.0 | 3.83 | 46.61 | 50.44 | OK | |
r-devel-linux-x86_64-debian-gcc | 0.1.0 | 3.37 | 35.70 | 39.07 | OK | |
r-devel-linux-x86_64-fedora-clang | 0.1.0 | 58.81 | NOTE | |||
r-devel-linux-x86_64-fedora-gcc | 0.1.0 | 54.86 | NOTE | |||
r-devel-windows-ix86+x86_64 | 0.1.0 | 10.00 | 84.00 | 94.00 | OK | |
r-devel-windows-ix86+x86_64-gcc8 | 0.1.0 | 10.00 | 66.00 | 76.00 | OK | |
r-patched-linux-x86_64 | 0.1.0 | 3.42 | 41.86 | 45.28 | OK | |
r-patched-solaris-x86 | 0.1.0 | 85.20 | NOTE | |||
r-release-linux-x86_64 | 0.1.0 | 3.63 | 41.59 | 45.22 | OK | |
r-release-windows-ix86+x86_64 | 0.1.0 | 9.00 | 61.00 | 70.00 | OK | |
r-release-osx-x86_64 | 0.1.0 | NOTE | ||||
r-oldrel-windows-ix86+x86_64 | 0.1.0 | 5.00 | 61.00 | 66.00 | OK | |
r-oldrel-osx-x86_64 | 0.1.0 | NOTE |
Version: 0.1.0
Check: dependencies in R code
Result: NOTE
Namespaces in Imports field not imported from:
‘lubridate’ ‘stringr’
All declared Imports should be used.
Flavors: r-devel-linux-x86_64-fedora-clang, r-devel-linux-x86_64-fedora-gcc, r-patched-solaris-x86, r-release-osx-x86_64, r-oldrel-osx-x86_64