CRAN Package Check Results for Package tidyquery

Last updated on 2020-01-18 04:47:49 CET.

Flavor Version Tinstall Tcheck Ttotal Status Flags
r-devel-linux-x86_64-debian-clang 0.1.0 4.52 46.41 50.93 OK
r-devel-linux-x86_64-debian-gcc 0.1.0 3.25 36.92 40.17 OK
r-devel-linux-x86_64-fedora-clang 0.1.0 63.54 NOTE
r-devel-linux-x86_64-fedora-gcc 0.1.0 60.02 NOTE
r-devel-windows-ix86+x86_64 0.1.0 16.00 64.00 80.00 OK
r-devel-windows-ix86+x86_64-gcc8 0.1.0 11.00 83.00 94.00 OK
r-patched-linux-x86_64 0.1.0 3.68 41.85 45.53 OK
r-patched-solaris-x86 0.1.0 84.20 NOTE
r-release-linux-x86_64 0.1.0 3.52 41.47 44.99 OK
r-release-windows-ix86+x86_64 0.1.0 13.00 58.00 71.00 OK
r-release-osx-x86_64 0.1.0 NOTE
r-oldrel-windows-ix86+x86_64 0.1.0 7.00 59.00 66.00 OK
r-oldrel-osx-x86_64 0.1.0 NOTE

Check Details

Version: 0.1.0
Check: dependencies in R code
Result: NOTE
    Namespaces in Imports field not imported from:
     ‘lubridate’ ‘stringr’
     All declared Imports should be used.
Flavors: r-devel-linux-x86_64-fedora-clang, r-devel-linux-x86_64-fedora-gcc, r-patched-solaris-x86, r-release-osx-x86_64, r-oldrel-osx-x86_64