CRAN Package Check Results for Package tidyr

Last updated on 2017-05-26 21:48:19.

Flavor Version Tinstall Tcheck Ttotal Status Flags
r-devel-linux-x86_64-debian-clang 0.6.3 16.85 27.00 43.85 OK
r-devel-linux-x86_64-debian-gcc 0.6.3 18.93 26.26 45.19 OK
r-devel-linux-x86_64-fedora-clang 0.6.3 89.36 NOTE
r-devel-linux-x86_64-fedora-gcc 0.6.3 81.87 NOTE
r-devel-windows-ix86+x86_64 0.6.3 58.00 86.00 144.00 OK
r-patched-linux-x86_64 0.6.3 16.61 25.88 42.48 OK
r-patched-solaris-sparc 0.6.3 399.90 NOTE
r-patched-solaris-x86 0.6.3 92.20 NOTE
r-release-linux-x86_64 0.6.3 15.59 25.29 40.87 OK
r-release-windows-ix86+x86_64 0.6.3 53.00 74.00 127.00 OK
r-release-osx-x86_64 0.6.3 NOTE
r-oldrel-windows-ix86+x86_64 0.6.3 67.00 65.00 132.00 OK
r-oldrel-osx-x86_64 0.6.3 NOTE

Check Details

Version: 0.6.3
Check: data for non-ASCII characters
Result: NOTE
     Note: found 23 marked UTF-8 strings
Flavors: r-devel-linux-x86_64-fedora-clang, r-devel-linux-x86_64-fedora-gcc, r-patched-solaris-sparc, r-patched-solaris-x86, r-release-osx-x86_64, r-oldrel-osx-x86_64