CRAN Package Check Results for Package tidyr

Last updated on 2018-09-19 22:50:06 CEST.

Flavor Version Tinstall Tcheck Ttotal Status Flags
r-devel-linux-x86_64-debian-clang 0.8.1 32.96 47.13 80.09 OK
r-devel-linux-x86_64-debian-gcc 0.8.1 26.16 37.04 63.20 OK
r-devel-linux-x86_64-fedora-clang 0.8.1 108.25 NOTE
r-devel-linux-x86_64-fedora-gcc 0.8.1 96.56 NOTE
r-devel-windows-ix86+x86_64 0.8.1 57.00 123.00 180.00 OK
r-patched-linux-x86_64 0.8.1 32.02 41.71 73.73 OK
r-patched-solaris-x86 0.8.1 106.90 NOTE
r-release-linux-x86_64 0.8.1 37.12 41.82 78.94 OK
r-release-windows-ix86+x86_64 0.8.1 79.00 89.00 168.00 OK
r-release-osx-x86_64 0.8.1 NOTE
r-oldrel-windows-ix86+x86_64 0.8.1 58.00 81.00 139.00 OK
r-oldrel-osx-x86_64 0.8.1 NOTE

Additional issues

rchk

Check Details

Version: 0.8.1
Check: data for non-ASCII characters
Result: NOTE
     Note: found 23 marked UTF-8 strings
Flavors: r-devel-linux-x86_64-fedora-clang, r-devel-linux-x86_64-fedora-gcc, r-patched-solaris-x86, r-release-osx-x86_64, r-oldrel-osx-x86_64