Last updated on 2023-01-28 19:52:29 CET.
Flavor | Version | Tinstall | Tcheck | Ttotal | Status | Flags |
---|---|---|---|---|---|---|
r-devel-linux-x86_64-debian-clang | 1.2.1 | 15.40 | 201.59 | 216.99 | OK | |
r-devel-linux-x86_64-debian-gcc | 1.3.0 | 16.09 | 135.60 | 151.69 | NOTE | |
r-devel-linux-x86_64-fedora-clang | 1.3.0 | 243.82 | NOTE | |||
r-devel-linux-x86_64-fedora-gcc | 1.3.0 | 257.51 | NOTE | |||
r-patched-linux-x86_64 | 1.2.1 | 15.77 | 180.65 | 196.42 | OK | |
r-release-linux-x86_64 | 1.3.0 | 18.81 | 161.40 | 180.21 | OK | |
r-release-macos-arm64 | 1.3.0 | 66.00 | OK | |||
r-release-macos-x86_64 | 1.3.0 | 89.00 | OK | |||
r-release-windows-x86_64 | 1.3.0 | 67.00 | 173.00 | 240.00 | OK | |
r-oldrel-macos-arm64 | 1.3.0 | 78.00 | OK | |||
r-oldrel-macos-x86_64 | 1.3.0 | 100.00 | OK | |||
r-oldrel-windows-ix86+x86_64 | 1.3.0 | 49.00 | 250.00 | 299.00 | OK |
Version: 1.3.0
Check: C++ specification
Result: NOTE
Specified C++11: please update to current default of C++17
Flavors: r-devel-linux-x86_64-debian-gcc, r-devel-linux-x86_64-fedora-clang, r-devel-linux-x86_64-fedora-gcc
Version: 1.3.0
Check: data for non-ASCII characters
Result: NOTE
Note: found 24 marked UTF-8 strings
Flavors: r-devel-linux-x86_64-fedora-clang, r-devel-linux-x86_64-fedora-gcc