CRAN Package Check Results for Package tidyr

Last updated on 2021-11-28 11:49:00 CET.

Flavor Version Tinstall Tcheck Ttotal Status Flags
r-devel-linux-x86_64-debian-clang 1.1.4 OK
r-devel-linux-x86_64-debian-gcc 1.1.4 11.31 70.15 81.46 OK
r-devel-linux-x86_64-fedora-clang 1.1.4 149.92 NOTE
r-devel-linux-x86_64-fedora-gcc 1.1.4 128.65 NOTE
r-devel-windows-x86_64-new-UL 1.1.4 37.00 164.00 201.00 OK
r-devel-windows-x86_64-new-TK 1.1.4 NOTE
r-devel-windows-x86_64-old 1.1.4 24.00 132.00 156.00 OK
r-patched-linux-x86_64 1.1.4 15.12 94.76 109.88 OK
r-patched-solaris-x86 1.1.4 149.60 NOTE
r-release-linux-x86_64 1.1.4 16.94 95.99 112.93 OK
r-release-macos-arm64 1.1.4 NOTE
r-release-macos-x86_64 1.1.4 NOTE
r-release-windows-ix86+x86_64 1.1.4 43.00 121.00 164.00 OK
r-oldrel-macos-x86_64 1.1.4 NOTE
r-oldrel-windows-ix86+x86_64 1.1.4 48.00 170.00 218.00 OK

Check Details

Version: 1.1.4
Check: data for non-ASCII characters
Result: NOTE
     Note: found 24 marked UTF-8 strings
Flavors: r-devel-linux-x86_64-fedora-clang, r-devel-linux-x86_64-fedora-gcc, r-devel-windows-x86_64-new-TK, r-patched-solaris-x86, r-release-macos-arm64, r-release-macos-x86_64, r-oldrel-macos-x86_64