CRAN Package Check Results for Package tidyr

Last updated on 2018-06-24 02:46:50 CEST.

Flavor Version Tinstall Tcheck Ttotal Status Flags
r-devel-linux-x86_64-debian-clang 0.8.1 33.03 47.44 80.47 OK
r-devel-linux-x86_64-debian-gcc 0.8.1 23.04 36.73 59.77 OK
r-devel-linux-x86_64-fedora-clang 0.8.1 95.25 NOTE
r-devel-linux-x86_64-fedora-gcc 0.8.1 89.48 NOTE
r-devel-windows-ix86+x86_64 0.8.1 58.00 84.00 142.00 OK
r-patched-linux-x86_64 0.8.1 32.53 43.50 76.03 OK
r-patched-solaris-x86 0.8.1 106.60 NOTE
r-release-linux-x86_64 0.8.1 31.26 42.21 73.47 OK
r-release-windows-ix86+x86_64 0.8.1 82.00 122.00 204.00 OK
r-release-osx-x86_64 0.8.1 NOTE
r-oldrel-windows-ix86+x86_64 0.8.1 74.00 116.00 190.00 OK
r-oldrel-osx-x86_64 0.8.1 NOTE

Additional issues

rchk

Check Details

Version: 0.8.1
Check: data for non-ASCII characters
Result: NOTE
     Note: found 23 marked UTF-8 strings
Flavors: r-devel-linux-x86_64-fedora-clang, r-devel-linux-x86_64-fedora-gcc, r-patched-solaris-x86, r-release-osx-x86_64, r-oldrel-osx-x86_64