CRAN Package Check Results for Package tidyr

Last updated on 2018-04-21 21:49:25 CEST.

Flavor Version Tinstall Tcheck Ttotal Status Flags
r-devel-linux-x86_64-debian-clang 0.8.0 29.55 43.08 72.63 OK
r-devel-linux-x86_64-debian-gcc 0.8.0 23.73 33.40 57.13 OK
r-devel-linux-x86_64-fedora-clang 0.8.0 90.92 NOTE
r-devel-linux-x86_64-fedora-gcc 0.8.0 85.99 NOTE
r-devel-windows-ix86+x86_64 0.8.0 76.00 125.00 201.00 OK
r-devel-osx-x86_64 0.8.0 NOTE
r-patched-linux-x86_64 0.8.0 28.44 41.68 70.12 OK
r-patched-solaris-x86 0.8.0 105.80 NOTE
r-release-linux-x86_64 0.8.0 27.26 45.88 73.14 OK
r-release-windows-ix86+x86_64 0.8.0 56.00 95.00 151.00 OK
r-release-osx-x86_64 0.8.0 NOTE
r-oldrel-windows-ix86+x86_64 0.8.0 74.00 71.00 145.00 OK

Check Details

Version: 0.8.0
Check: data for non-ASCII characters
Result: NOTE
     Note: found 23 marked UTF-8 strings
Flavors: r-devel-linux-x86_64-fedora-clang, r-devel-linux-x86_64-fedora-gcc, r-devel-osx-x86_64, r-patched-solaris-x86, r-release-osx-x86_64