CRAN Package Check Results for Package tidyr

Last updated on 2017-09-22 11:51:44.

Flavor Version Tinstall Tcheck Ttotal Status Flags
r-devel-linux-x86_64-debian-clang 0.7.1 16.61 30.52 47.12 ERROR
r-devel-linux-x86_64-debian-gcc 0.7.1 17.73 29.81 47.55 ERROR
r-devel-linux-x86_64-fedora-clang 0.7.1 92.05 ERROR
r-devel-linux-x86_64-fedora-gcc 0.7.1 94.98 ERROR
r-devel-windows-ix86+x86_64 0.7.1 51.00 83.00 134.00 ERROR
r-patched-linux-x86_64 0.7.1 17.94 29.17 47.11 OK
r-patched-solaris-x86 0.7.1 98.80 NOTE
r-release-linux-x86_64 0.7.1 19.42 29.34 48.76 OK
r-release-windows-ix86+x86_64 0.7.1 48.00 81.00 129.00 OK
r-release-osx-x86_64 0.7.1 NOTE
r-oldrel-windows-ix86+x86_64 0.7.1 49.00 65.00 114.00 OK
r-oldrel-osx-x86_64 0.7.1 NOTE

Check Details

Version: 0.7.1
Check: tests
Result: ERROR
     Running ‘testthat.R’ [4s/4s]
    Running the tests in ‘tests/testthat.R’ failed.
    Complete output:
     > library(testthat)
     > library(tidyr)
     >
     > test_check("tidyr")
     1. Error: can handle list-columns (@test-gather.R#124) -------------------------
     STRING_PTR() can only be applied to a 'character', not a 'list'
     1: gather(df, k, v, -y) at testthat/test-gather.R:124
     2: gather.data.frame(df, k, v, -y)
     3: melt_dataframe(data, id_idx - 1L, gather_idx - 1L, as.character(key_var), as.character(value_var),
     args$attr_template, args$factorsAsStrings, as.logical(valueAsFactor), as.logical(factor_key))
    
     testthat results ================================================================
     OK: 215 SKIPPED: 0 FAILED: 1
     1. Error: can handle list-columns (@test-gather.R#124)
    
     Error: testthat unit tests failed
     Execution halted
Flavor: r-devel-linux-x86_64-debian-clang

Version: 0.7.1
Check: tests
Result: ERROR
     Running ‘testthat.R’ [4s/5s]
    Running the tests in ‘tests/testthat.R’ failed.
    Complete output:
     > library(testthat)
     > library(tidyr)
     >
     > test_check("tidyr")
     1. Error: can handle list-columns (@test-gather.R#124) -------------------------
     STRING_PTR() can only be applied to a 'character', not a 'list'
     1: gather(df, k, v, -y) at testthat/test-gather.R:124
     2: gather.data.frame(df, k, v, -y)
     3: melt_dataframe(data, id_idx - 1L, gather_idx - 1L, as.character(key_var), as.character(value_var),
     args$attr_template, args$factorsAsStrings, as.logical(valueAsFactor), as.logical(factor_key))
    
     testthat results ================================================================
     OK: 215 SKIPPED: 0 FAILED: 1
     1. Error: can handle list-columns (@test-gather.R#124)
    
     Error: testthat unit tests failed
     Execution halted
Flavor: r-devel-linux-x86_64-debian-gcc

Version: 0.7.1
Check: data for non-ASCII characters
Result: NOTE
     Note: found 23 marked UTF-8 strings
Flavors: r-devel-linux-x86_64-fedora-clang, r-devel-linux-x86_64-fedora-gcc, r-patched-solaris-x86, r-release-osx-x86_64, r-oldrel-osx-x86_64

Version: 0.7.1
Check: tests
Result: ERROR
     Running ‘testthat.R’
    Running the tests in ‘tests/testthat.R’ failed.
    Complete output:
     > library(testthat)
     > library(tidyr)
     >
     > test_check("tidyr")
     1. Error: can handle list-columns (@test-gather.R#124) -------------------------
     STRING_PTR() can only be applied to a 'character', not a 'list'
     1: gather(df, k, v, -y) at testthat/test-gather.R:124
     2: gather.data.frame(df, k, v, -y)
     3: melt_dataframe(data, id_idx - 1L, gather_idx - 1L, as.character(key_var), as.character(value_var),
     args$attr_template, args$factorsAsStrings, as.logical(valueAsFactor), as.logical(factor_key))
    
     testthat results ================================================================
     OK: 215 SKIPPED: 0 FAILED: 1
     1. Error: can handle list-columns (@test-gather.R#124)
    
     Error: testthat unit tests failed
     Execution halted
Flavor: r-devel-linux-x86_64-fedora-clang

Version: 0.7.1
Check: tests
Result: ERROR
     Running ‘testthat.R’ [10s/12s]
    Running the tests in ‘tests/testthat.R’ failed.
    Complete output:
     > library(testthat)
     > library(tidyr)
     >
     > test_check("tidyr")
     1. Error: can handle list-columns (@test-gather.R#124) -------------------------
     STRING_PTR() can only be applied to a 'character', not a 'list'
     1: gather(df, k, v, -y) at testthat/test-gather.R:124
     2: gather.data.frame(df, k, v, -y)
     3: melt_dataframe(data, id_idx - 1L, gather_idx - 1L, as.character(key_var), as.character(value_var),
     args$attr_template, args$factorsAsStrings, as.logical(valueAsFactor), as.logical(factor_key))
    
     testthat results ================================================================
     OK: 215 SKIPPED: 0 FAILED: 1
     1. Error: can handle list-columns (@test-gather.R#124)
    
     Error: testthat unit tests failed
     Execution halted
Flavor: r-devel-linux-x86_64-fedora-gcc

Version: 0.7.1
Check: running tests for arch ‘i386’
Result: ERROR
     Running 'testthat.R' [5s]
    Running the tests in 'tests/testthat.R' failed.
    Last 13 lines of output:
     >
     > test_check("tidyr")
     1. Error: can handle list-columns (@test-gather.R#124) -------------------------
     STRING_PTR() can only be applied to a 'character', not a 'list'
     1: gather(df, k, v, -y) at testthat/test-gather.R:124
     2: gather.data.frame(df, k, v, -y)
     3: melt_dataframe(data, id_idx - 1L, gather_idx - 1L, as.character(key_var), as.character(value_var),
     args$attr_template, args$factorsAsStrings, as.logical(valueAsFactor), as.logical(factor_key))
    
     testthat results ================================================================
     OK: 215 SKIPPED: 0 FAILED: 1
     1. Error: can handle list-columns (@test-gather.R#124)
    
     Error: testthat unit tests failed
     Execution halted
Flavor: r-devel-windows-ix86+x86_64

Version: 0.7.1
Check: running tests for arch ‘x64’
Result: ERROR
     Running 'testthat.R' [7s]
    Running the tests in 'tests/testthat.R' failed.
    Last 13 lines of output:
     >
     > test_check("tidyr")
     1. Error: can handle list-columns (@test-gather.R#124) -------------------------
     STRING_PTR() can only be applied to a 'character', not a 'list'
     1: gather(df, k, v, -y) at testthat/test-gather.R:124
     2: gather.data.frame(df, k, v, -y)
     3: melt_dataframe(data, id_idx - 1L, gather_idx - 1L, as.character(key_var), as.character(value_var),
     args$attr_template, args$factorsAsStrings, as.logical(valueAsFactor), as.logical(factor_key))
    
     testthat results ================================================================
     OK: 215 SKIPPED: 0 FAILED: 1
     1. Error: can handle list-columns (@test-gather.R#124)
    
     Error: testthat unit tests failed
     Execution halted
Flavor: r-devel-windows-ix86+x86_64