CRAN Package Check Results for Package tidyr

Last updated on 2018-11-20 16:51:24 CET.

Flavor Version Tinstall Tcheck Ttotal Status Flags
r-devel-linux-x86_64-debian-clang 0.8.2 29.66 45.62 75.28 OK
r-devel-linux-x86_64-debian-gcc 0.8.2 25.68 36.04 61.72 OK
r-devel-linux-x86_64-fedora-clang 0.8.2 98.46 NOTE
r-devel-linux-x86_64-fedora-gcc 0.8.2 93.45 NOTE
r-devel-windows-ix86+x86_64 0.8.2 73.00 108.00 181.00 OK
r-patched-linux-x86_64 0.8.2 31.05 43.39 74.44 OK
r-patched-solaris-x86 0.8.2 121.10 NOTE
r-release-linux-x86_64 0.8.2 37.94 43.19 81.13 OK
r-release-windows-ix86+x86_64 0.8.2 57.00 117.00 174.00 OK
r-release-osx-x86_64 0.8.2 NOTE
r-oldrel-windows-ix86+x86_64 0.8.2 50.00 121.00 171.00 OK
r-oldrel-osx-x86_64 0.8.2 NOTE

Check Details

Version: 0.8.2
Check: data for non-ASCII characters
Result: NOTE
     Note: found 23 marked UTF-8 strings
Flavors: r-devel-linux-x86_64-fedora-clang, r-devel-linux-x86_64-fedora-gcc, r-patched-solaris-x86, r-release-osx-x86_64, r-oldrel-osx-x86_64