CRAN Package Check Results for Package tidyr

Last updated on 2017-07-25 17:48:17.

Flavor Version Tinstall Tcheck Ttotal Status Flags
r-devel-linux-x86_64-debian-clang 0.6.3 16.74 37.42 54.16 OK
r-devel-linux-x86_64-debian-gcc 0.6.3 18.27 33.06 51.32 OK
r-devel-linux-x86_64-fedora-clang 0.6.3 87.08 NOTE
r-devel-linux-x86_64-fedora-gcc 0.6.3 84.99 NOTE
r-devel-windows-ix86+x86_64 0.6.3 58.00 80.00 138.00 OK
r-patched-linux-x86_64 0.6.3 18.31 33.10 51.40 OK
r-patched-solaris-x86 0.6.3 91.30 NOTE
r-release-linux-x86_64 0.6.3 18.51 33.21 51.72 OK
r-release-windows-ix86+x86_64 0.6.3 54.00 110.00 164.00 OK
r-release-osx-x86_64 0.6.3 NOTE
r-oldrel-windows-ix86+x86_64 0.6.3 56.00 70.00 126.00 OK
r-oldrel-osx-x86_64 0.6.3 NOTE

Check Details

Version: 0.6.3
Check: data for non-ASCII characters
Result: NOTE
     Note: found 23 marked UTF-8 strings
Flavors: r-devel-linux-x86_64-fedora-clang, r-devel-linux-x86_64-fedora-gcc, r-patched-solaris-x86, r-release-osx-x86_64, r-oldrel-osx-x86_64