CRAN Package Check Results for Package tidyr

Last updated on 2017-11-20 23:50:17 CET.

Flavor Version Tinstall Tcheck Ttotal Status Flags
r-devel-linux-x86_64-debian-clang 0.7.2 16.88 29.25 46.13 OK
r-devel-linux-x86_64-debian-gcc 0.7.2 21.84 78.66 100.50 OK
r-devel-linux-x86_64-fedora-clang 0.7.2 90.85 NOTE
r-devel-linux-x86_64-fedora-gcc 0.7.2 128.88 NOTE
r-devel-windows-ix86+x86_64 0.7.2 55.00 89.00 144.00 OK
r-patched-linux-x86_64 0.7.2 18.51 29.95 48.46 OK
r-patched-solaris-x86 0.7.2 97.90 NOTE
r-release-linux-x86_64 0.7.2 18.45 29.17 47.62 OK
r-release-windows-ix86+x86_64 0.7.2 57.00 80.00 137.00 OK
r-release-osx-x86_64 0.7.2 NOTE
r-oldrel-windows-ix86+x86_64 0.7.2 48.00 108.00 156.00 OK
r-oldrel-osx-x86_64 0.7.2 NOTE

Check Details

Version: 0.7.2
Check: data for non-ASCII characters
Result: NOTE
     Note: found 23 marked UTF-8 strings
Flavors: r-devel-linux-x86_64-fedora-clang, r-devel-linux-x86_64-fedora-gcc, r-patched-solaris-x86, r-release-osx-x86_64, r-oldrel-osx-x86_64