CRAN Package Check Results for Package tidyr

Last updated on 2020-08-14 12:49:20 CEST.

Flavor Version Tinstall Tcheck Ttotal Status Flags
r-devel-linux-x86_64-debian-clang 1.1.1 14.87 90.46 105.33 OK
r-devel-linux-x86_64-debian-gcc 1.1.1 12.18 68.65 80.83 OK
r-devel-linux-x86_64-fedora-clang 1.1.1 72.43 NOTE
r-devel-linux-x86_64-fedora-gcc 1.1.1 66.84 NOTE
r-devel-windows-ix86+x86_64 1.1.1 6.00 8.00 14.00 ERROR
r-patched-linux-x86_64 1.1.1 14.73 87.56 102.29 OK
r-patched-solaris-x86 1.1.1 160.80 NOTE
r-release-linux-x86_64 1.1.1 13.05 88.41 101.46 OK
r-release-macos-x86_64 1.1.1 NOTE
r-release-windows-ix86+x86_64 1.1.1 47.00 126.00 173.00 OK
r-oldrel-macos-x86_64 1.1.1 NOTE
r-oldrel-windows-ix86+x86_64 1.1.1 30.00 136.00 166.00 OK

Check Details

Version: 1.1.1
Check: data for non-ASCII characters
Result: NOTE
     Note: found 24 marked UTF-8 strings
Flavors: r-devel-linux-x86_64-fedora-clang, r-devel-linux-x86_64-fedora-gcc, r-patched-solaris-x86, r-release-macos-x86_64, r-oldrel-macos-x86_64

Version: 1.1.1
Check: whether package can be installed
Result: ERROR
    Installation failed.
Flavor: r-devel-windows-ix86+x86_64