CRAN Package Check Results for Package tidyseurat

Last updated on 2021-09-26 13:48:39 CEST.

Flavor Version Tinstall Tcheck Ttotal Status Flags
r-devel-linux-x86_64-debian-clang 0.2.7 21.23 232.75 253.98 OK
r-devel-linux-x86_64-debian-gcc 0.2.7 16.54 171.87 188.41 OK
r-devel-linux-x86_64-fedora-clang 0.2.7 304.86 OK
r-devel-linux-x86_64-fedora-gcc 0.2.7 306.16 OK
r-devel-windows-x86_64 0.2.7 25.00 201.00 226.00 OK
r-devel-windows-x86_64-gcc10-UCRT 0.2.7 OK
r-patched-linux-x86_64 0.2.7 21.62 220.00 241.62 OK
r-patched-solaris-x86 0.2.7 401.10 OK
r-release-linux-x86_64 0.2.7 21.17 222.13 243.30 OK
r-release-macos-arm64 0.2.7 NOTE
r-release-macos-x86_64 0.2.7 NOTE
r-release-windows-ix86+x86_64 0.2.7 51.00 192.00 243.00 OK
r-oldrel-macos-x86_64 0.2.7 NOTE
r-oldrel-windows-ix86+x86_64 0.2.7 5.00 6.00 11.00 ERROR

Check Details

Version: 0.2.7
Check: package dependencies
Result: NOTE
    Package suggested but not available for checking: ‘SingleR’
Flavors: r-release-macos-arm64, r-release-macos-x86_64, r-oldrel-macos-x86_64

Version: 0.2.7
Check: whether package can be installed
Result: ERROR
    Installation failed.
Flavor: r-oldrel-windows-ix86+x86_64