Last updated on 2023-10-01 10:58:01 CEST.
Flavor | Version | Tinstall | Tcheck | Ttotal | Status | Flags |
---|---|---|---|---|---|---|
r-devel-linux-x86_64-debian-clang | 0.4.0 | 32.77 | 478.50 | 511.27 | OK | |
r-devel-linux-x86_64-debian-gcc | 0.4.0 | 26.82 | 368.12 | 394.94 | OK | |
r-devel-linux-x86_64-fedora-clang | 0.4.0 | 620.31 | NOTE | |||
r-devel-linux-x86_64-fedora-gcc | 0.4.0 | 556.39 | OK | |||
r-devel-windows-x86_64 | 0.4.0 | 26.00 | 283.00 | 309.00 | OK | |
r-patched-linux-x86_64 | 0.4.0 | 22.95 | 408.04 | 430.99 | OK | |
r-release-linux-x86_64 | 0.4.0 | 20.96 | 474.86 | 495.82 | OK | |
r-release-macos-arm64 | 0.4.0 | 139.00 | OK | |||
r-release-macos-x86_64 | 0.4.0 | 251.00 | OK | |||
r-release-windows-x86_64 | 0.4.0 | 36.00 | 376.00 | 412.00 | OK | |
r-oldrel-macos-arm64 | 0.4.0 | 115.00 | OK | |||
r-oldrel-macos-x86_64 | 0.4.0 | 165.00 | OK | |||
r-oldrel-windows-x86_64 | 0.4.0 | 37.00 | 362.00 | 399.00 | OK |
Version: 0.4.0
Check: Rd cross-references
Result: NOTE
Undeclared package ‘vctrs’ in Rd xrefs
Flavor: r-devel-linux-x86_64-fedora-clang